Last updated on 2023-09-26 23:04:07 CEST.
Flavor | Version | Tinstall | Tcheck | Ttotal | Status | Flags |
---|---|---|---|---|---|---|
r-devel-linux-x86_64-debian-clang | 1.0.0 | 134.15 | 75.38 | 209.53 | NOTE | |
r-devel-linux-x86_64-debian-gcc | 1.0.0 | 79.23 | 56.24 | 135.47 | NOTE | |
r-devel-linux-x86_64-fedora-clang | 1.0.0 | 314.56 | NOTE | |||
r-devel-linux-x86_64-fedora-gcc | 1.0.0 | 283.70 | NOTE | |||
r-devel-windows-x86_64 | 1.0.0 | 93.00 | 89.00 | 182.00 | NOTE | |
r-patched-linux-x86_64 | 1.0.0 | 116.94 | 72.91 | 189.85 | NOTE | |
r-release-linux-x86_64 | 1.0.0 | 108.88 | 73.99 | 182.87 | NOTE | |
r-release-macos-arm64 | 1.0.0 | 76.00 | NOTE | |||
r-release-macos-x86_64 | 1.0.0 | 115.00 | NOTE | |||
r-release-windows-x86_64 | 1.0.0 | 118.00 | 101.00 | 219.00 | NOTE | |
r-oldrel-macos-arm64 | 1.0.0 | 68.00 | OK | |||
r-oldrel-macos-x86_64 | 1.0.0 | 92.00 | OK | |||
r-oldrel-windows-x86_64 | 1.0.0 | 118.00 | 89.00 | 207.00 | OK |
Version: 1.0.0
Check: C++ specification
Result: NOTE
Specified C++11: please drop specification unless essential
Flavors: r-devel-linux-x86_64-debian-clang, r-devel-linux-x86_64-debian-gcc, r-devel-linux-x86_64-fedora-clang, r-devel-linux-x86_64-fedora-gcc, r-devel-windows-x86_64, r-patched-linux-x86_64, r-release-linux-x86_64, r-release-macos-arm64, r-release-macos-x86_64, r-release-windows-x86_64
Version: 1.0.0
Check: Rd contents
Result: NOTE
Auto-generated content requiring editing in Rd object 'BartMixVs-package':
\seealso: ‘Optional links to other man pages’
\examples: ‘\dontrun{ ## Optional simple examples of the most impor...’
Flavors: r-devel-linux-x86_64-debian-clang, r-devel-linux-x86_64-debian-gcc, r-devel-linux-x86_64-fedora-clang, r-devel-linux-x86_64-fedora-gcc, r-devel-windows-x86_64