Last updated on 2024-03-28 23:01:39 CET.
Flavor | Version | Tinstall | Tcheck | Ttotal | Status | Flags |
---|---|---|---|---|---|---|
r-devel-linux-x86_64-debian-clang | 0.9.0 | 9.84 | 304.10 | 313.94 | OK | |
r-devel-linux-x86_64-debian-gcc | 0.9.0 | 8.37 | 226.15 | 234.52 | OK | |
r-devel-linux-x86_64-fedora-clang | 0.9.0 | 398.48 | OK | |||
r-devel-linux-x86_64-fedora-gcc | 0.9.0 | 410.69 | OK | |||
r-devel-windows-x86_64 | 0.9.0 | 11.00 | 233.00 | 244.00 | OK | |
r-patched-linux-x86_64 | 0.9.0 | 13.79 | 288.94 | 302.73 | OK | |
r-release-linux-x86_64 | 0.9.0 | 11.24 | 289.37 | 300.61 | OK | |
r-release-macos-arm64 | 0.9.0 | 62.00 | NOTE | |||
r-release-macos-x86_64 | 0.9.0 | 103.00 | NOTE | |||
r-release-windows-x86_64 | 0.9.0 | 15.00 | 308.00 | 323.00 | OK | |
r-oldrel-macos-arm64 | 0.9.0 | 108.00 | OK | |||
r-oldrel-windows-x86_64 | 0.9.0 | 15.00 | 281.00 | 296.00 | OK |
Version: 0.9.0
Check: package dependencies
Result: NOTE
Package suggested but not available for checking: ‘reactome.db’
Flavors: r-release-macos-arm64, r-release-macos-x86_64