CRAN Package Check Results for Package BasketballAnalyzeR

Last updated on 2021-05-14 23:50:37 CEST.

Flavor Version Tinstall Tcheck Ttotal Status Flags
r-devel-linux-x86_64-debian-clang 0.5.0 14.31 169.87 184.18 OK
r-devel-linux-x86_64-debian-gcc 0.5.0 12.77 126.63 139.40 OK
r-devel-linux-x86_64-fedora-clang 0.5.0 245.85 NOTE
r-devel-linux-x86_64-fedora-gcc 0.5.0 224.46 NOTE
r-devel-windows-ix86+x86_64 0.5.0 33.00 212.00 245.00 OK
r-devel-windows-x86_64-gcc10-UCRT 0.5.0 NOTE
r-patched-linux-x86_64 0.5.0 19.91 160.85 180.76 OK
r-patched-solaris-x86 0.5.0 296.80 NOTE
r-release-linux-x86_64 0.5.0 14.21 157.94 172.15 OK
r-release-macos-x86_64 0.5.0 NOTE
r-release-windows-ix86+x86_64 0.5.0 24.00 159.00 183.00 OK
r-oldrel-macos-x86_64 0.5.0 NOTE
r-oldrel-windows-ix86+x86_64 0.5.0 25.00 185.00 210.00 OK

Check Details

Version: 0.5.0
Check: package dependencies
Result: NOTE
    Imports includes 25 non-default packages.
    Importing from so many packages makes the package vulnerable to any of
    them becoming unavailable. Move as many as possible to Suggests and
    use conditionally.
Flavor: r-devel-linux-x86_64-fedora-clang

Version: 0.5.0
Check: dependencies in R code
Result: NOTE
    Namespaces in Imports field not imported from:
     ‘circlize’ ‘hexbin’ ‘scales’ ‘sna’
     All declared Imports should be used.
Flavors: r-devel-linux-x86_64-fedora-clang, r-devel-linux-x86_64-fedora-gcc, r-devel-windows-x86_64-gcc10-UCRT, r-patched-solaris-x86, r-release-macos-x86_64, r-oldrel-macos-x86_64