CRAN Package Check Results for Package BasketballAnalyzeR

Last updated on 2022-05-19 22:54:04 CEST.

Flavor Version Tinstall Tcheck Ttotal Status Flags
r-devel-linux-x86_64-debian-clang 0.5.0 15.76 201.97 217.73 OK
r-devel-linux-x86_64-debian-gcc 0.5.0 13.81 145.10 158.91 OK
r-devel-linux-x86_64-fedora-clang 0.5.0 246.76 NOTE
r-devel-linux-x86_64-fedora-gcc 0.5.0 244.72 NOTE
r-devel-windows-x86_64 0.5.0 165.00 209.00 374.00 OK
r-patched-linux-x86_64 0.5.0 20.80 183.46 204.26 OK
r-release-linux-x86_64 0.5.0 16.31 185.65 201.96 OK
r-release-macos-arm64 0.5.0 68.00 NOTE
r-release-macos-x86_64 0.5.0 110.00 NOTE
r-release-windows-x86_64 0.5.0 128.00 212.00 340.00 OK
r-oldrel-macos-arm64 0.5.0 79.00 NOTE
r-oldrel-macos-x86_64 0.5.0 131.00 NOTE
r-oldrel-windows-ix86+x86_64 0.5.0 35.00 212.00 247.00 OK

Check Details

Version: 0.5.0
Check: package dependencies
Result: NOTE
    Imports includes 25 non-default packages.
    Importing from so many packages makes the package vulnerable to any of
    them becoming unavailable. Move as many as possible to Suggests and
    use conditionally.
Flavor: r-devel-linux-x86_64-fedora-clang

Version: 0.5.0
Check: dependencies in R code
Result: NOTE
    Namespaces in Imports field not imported from:
     ‘circlize’ ‘hexbin’ ‘scales’ ‘sna’
     All declared Imports should be used.
Flavors: r-devel-linux-x86_64-fedora-clang, r-devel-linux-x86_64-fedora-gcc, r-release-macos-arm64, r-release-macos-x86_64, r-oldrel-macos-arm64, r-oldrel-macos-x86_64