Last updated on 2024-03-28 23:01:39 CET.
Flavor | Version | Tinstall | Tcheck | Ttotal | Status | Flags |
---|---|---|---|---|---|---|
r-devel-linux-x86_64-debian-clang | 0.5.0 | 16.35 | 194.39 | 210.74 | OK | |
r-devel-linux-x86_64-debian-gcc | 0.5.0 | 14.47 | 139.82 | 154.29 | OK | |
r-devel-linux-x86_64-fedora-clang | 0.5.0 | 254.74 | NOTE | |||
r-devel-linux-x86_64-fedora-gcc | 0.5.0 | 255.64 | NOTE | |||
r-devel-windows-x86_64 | 0.5.0 | 16.00 | 152.00 | 168.00 | OK | |
r-patched-linux-x86_64 | 0.5.0 | 26.02 | 186.29 | 212.31 | OK | |
r-release-linux-x86_64 | 0.5.0 | 16.90 | 188.77 | 205.67 | OK | |
r-release-macos-arm64 | 0.5.0 | 73.00 | OK | |||
r-release-macos-x86_64 | 0.5.0 | 120.00 | OK | |||
r-release-windows-x86_64 | 0.5.0 | 20.00 | 201.00 | 221.00 | OK | |
r-oldrel-macos-arm64 | 0.5.0 | 68.00 | NOTE | |||
r-oldrel-windows-x86_64 | 0.5.0 | 22.00 | 202.00 | 224.00 | OK |
Version: 0.5.0
Check: package dependencies
Result: NOTE
Imports includes 25 non-default packages.
Importing from so many packages makes the package vulnerable to any of
them becoming unavailable. Move as many as possible to Suggests and
use conditionally.
Flavor: r-devel-linux-x86_64-fedora-clang
Version: 0.5.0
Check: dependencies in R code
Result: NOTE
Namespaces in Imports field not imported from:
‘circlize’ ‘hexbin’ ‘scales’ ‘sna’
All declared Imports should be used.
Flavors: r-devel-linux-x86_64-fedora-clang, r-devel-linux-x86_64-fedora-gcc, r-oldrel-macos-arm64