CRAN Package Check Results for Package BayesFactor

Last updated on 2019-10-16 22:55:52 CEST.

Flavor Version Tinstall Tcheck Ttotal Status Flags
r-devel-linux-x86_64-debian-clang 0.9.12-4.2 256.24 275.84 532.08 OK
r-devel-linux-x86_64-debian-gcc 0.9.12-4.2 179.24 212.09 391.33 OK
r-devel-linux-x86_64-fedora-clang 0.9.12-4.2 683.95 NOTE
r-devel-linux-x86_64-fedora-gcc 0.9.12-4.2 665.48 OK
r-devel-windows-ix86+x86_64 0.9.12-4.2 504.00 451.00 955.00 NOTE
r-patched-linux-x86_64 0.9.12-4.2 200.81 266.22 467.03 OK
r-patched-solaris-x86 0.9.12-4.2 736.20 NOTE
r-release-linux-x86_64 0.9.12-4.2 191.63 267.51 459.14 OK
r-release-windows-ix86+x86_64 0.9.12-4.2 361.00 344.00 705.00 NOTE
r-release-osx-x86_64 0.9.12-4.2 NOTE
r-oldrel-windows-ix86+x86_64 0.9.12-4.2 364.00 307.00 671.00 NOTE
r-oldrel-osx-x86_64 0.9.12-4.2 NOTE

Check Details

Version: 0.9.12-4.2
Check: installed package size
Result: NOTE
     installed size is 21.4Mb
     sub-directories of 1Mb or more:
     doc 5.4Mb
     libs 14.9Mb
Flavors: r-devel-linux-x86_64-fedora-clang, r-devel-windows-ix86+x86_64, r-patched-solaris-x86, r-release-windows-ix86+x86_64, r-release-osx-x86_64, r-oldrel-windows-ix86+x86_64, r-oldrel-osx-x86_64

Version: 0.9.12-4.2
Check: package dependencies
Result: NOTE
    Package suggested but not available for checking: 'doMC'
Flavors: r-devel-windows-ix86+x86_64, r-release-windows-ix86+x86_64, r-oldrel-windows-ix86+x86_64