CRAN Package Check Results for Package BayesFactor

Last updated on 2019-07-17 22:54:25 CEST.

Flavor Version Tinstall Tcheck Ttotal Status Flags
r-devel-linux-x86_64-debian-clang 0.9.12-4.2 219.64 279.18 498.82 OK
r-devel-linux-x86_64-debian-gcc 0.9.12-4.2 172.77 213.74 386.51 OK
r-devel-linux-x86_64-fedora-clang 0.9.12-4.2 728.16 NOTE
r-devel-linux-x86_64-fedora-gcc 0.9.12-4.2 670.44 OK
r-devel-windows-ix86+x86_64 0.9.12-4.2 474.00 442.00 916.00 NOTE
r-patched-linux-x86_64 0.9.12-4.2 209.38 272.85 482.23 OK
r-patched-solaris-x86 0.9.12-4.2 785.00 NOTE
r-release-linux-x86_64 0.9.12-4.2 208.59 270.26 478.85 OK
r-release-windows-ix86+x86_64 0.9.12-4.2 376.00 324.00 700.00 NOTE
r-release-osx-x86_64 0.9.12-4.2 NOTE
r-oldrel-windows-ix86+x86_64 0.9.12-4.2 363.00 295.00 658.00 NOTE
r-oldrel-osx-x86_64 0.9.12-4.2 NOTE

Check Details

Version: 0.9.12-4.2
Check: installed package size
Result: NOTE
     installed size is 20.8Mb
     sub-directories of 1Mb or more:
     doc 5.4Mb
     libs 14.3Mb
Flavors: r-devel-linux-x86_64-fedora-clang, r-devel-windows-ix86+x86_64, r-patched-solaris-x86, r-release-windows-ix86+x86_64, r-release-osx-x86_64, r-oldrel-windows-ix86+x86_64, r-oldrel-osx-x86_64

Version: 0.9.12-4.2
Check: package dependencies
Result: NOTE
    Package suggested but not available for checking: 'doMC'
Flavors: r-devel-windows-ix86+x86_64, r-release-windows-ix86+x86_64, r-oldrel-windows-ix86+x86_64