Last updated on 2024-04-24 23:00:14 CEST.
Flavor | Version | Tinstall | Tcheck | Ttotal | Status | Flags |
---|---|---|---|---|---|---|
r-devel-linux-x86_64-debian-clang | 1.1.0 | 7.95 | 47.26 | 55.21 | OK | |
r-devel-linux-x86_64-debian-gcc | 1.1.0 | 6.01 | 36.20 | 42.21 | OK | |
r-devel-linux-x86_64-fedora-clang | 1.1.0 | 73.07 | OK | |||
r-devel-linux-x86_64-fedora-gcc | 1.1.0 | 71.13 | OK | |||
r-devel-windows-x86_64 | 1.1.0 | 9.00 | 67.00 | 76.00 | NOTE | |
r-patched-linux-x86_64 | 1.1.0 | 6.52 | 48.08 | 54.60 | OK | |
r-release-linux-x86_64 | 1.1.0 | 8.36 | 48.07 | 56.43 | OK | |
r-release-macos-arm64 | 1.1.0 | 28.00 | OK | |||
r-release-windows-x86_64 | 1.1.0 | 10.00 | 66.00 | 76.00 | NOTE | |
r-oldrel-macos-arm64 | 1.1.0 | 26.00 | OK | |||
r-oldrel-macos-x86_64 | 1.1.0 | 47.00 | OK | |||
r-oldrel-windows-x86_64 | 1.1.0 | 12.00 | 87.00 | 99.00 | NOTE |
Version: 1.1.0
Check: C++ specification
Result: NOTE
Specified C++11: please drop specification unless essential
Flavors: r-devel-windows-x86_64, r-release-windows-x86_64, r-oldrel-windows-x86_64