CRAN Package Check Results for Package BayesMallows

Last updated on 2019-12-10 22:49:26 CET.

Flavor Version Tinstall Tcheck Ttotal Status Flags
r-devel-linux-x86_64-debian-clang 0.4.1 173.58 77.08 250.66 OK
r-devel-linux-x86_64-debian-gcc 0.4.1 109.81 57.64 167.45 OK
r-devel-linux-x86_64-fedora-clang 0.4.1 342.17 NOTE
r-devel-linux-x86_64-fedora-gcc 0.4.1 315.65 OK
r-devel-windows-ix86+x86_64 0.4.1 305.00 148.00 453.00 OK
r-devel-windows-ix86+x86_64-gcc8 0.4.1 353.00 140.00 493.00 OK
r-patched-linux-x86_64 0.4.1 129.03 68.01 197.04 OK
r-patched-solaris-x86 0.4.1 303.70 OK
r-release-linux-x86_64 0.4.1 134.78 69.17 203.95 OK
r-release-windows-ix86+x86_64 0.4.1 279.00 132.00 411.00 OK
r-release-osx-x86_64 0.4.1 OK
r-oldrel-windows-ix86+x86_64 0.4.1 281.00 119.00 400.00 OK
r-oldrel-osx-x86_64 0.4.1 OK

Check Details

Version: 0.4.1
Check: installed package size
Result: NOTE
     installed size is 5.7Mb
     sub-directories of 1Mb or more:
     libs 5.1Mb
Flavor: r-devel-linux-x86_64-fedora-clang