CRAN Package Check Results for Package BayesMallows

Last updated on 2019-08-21 22:48:34 CEST.

Flavor Version Tinstall Tcheck Ttotal Status Flags
r-devel-linux-x86_64-debian-clang 0.4.0 135.55 69.16 204.71 OK
r-devel-linux-x86_64-debian-gcc 0.4.0 OK
r-devel-linux-x86_64-fedora-clang 0.4.0 320.34 NOTE
r-devel-linux-x86_64-fedora-gcc 0.4.0 300.46 OK
r-devel-windows-ix86+x86_64 0.4.0 420.00 174.00 594.00 OK
r-patched-linux-x86_64 0.4.0 122.68 66.39 189.07 OK
r-patched-solaris-x86 0.4.0 302.90 OK
r-release-linux-x86_64 0.4.0 126.40 65.86 192.26 OK
r-release-windows-ix86+x86_64 0.4.0 300.00 125.00 425.00 OK
r-release-osx-x86_64 0.4.0 OK
r-oldrel-windows-ix86+x86_64 0.4.0 396.00 179.00 575.00 OK
r-oldrel-osx-x86_64 0.4.0 OK

Additional issues

clang-UBSAN

Check Details

Version: 0.4.0
Check: installed package size
Result: NOTE
     installed size is 5.6Mb
     sub-directories of 1Mb or more:
     libs 5.0Mb
Flavor: r-devel-linux-x86_64-fedora-clang