CRAN Package Check Results for Package BayesNSGP

Last updated on 2021-10-17 22:48:27 CEST.

Flavor Version Tinstall Tcheck Ttotal Status Flags
r-devel-linux-x86_64-debian-clang 0.1.1 18.69 127.11 145.80 NOTE
r-devel-linux-x86_64-debian-gcc 0.1.1 14.05 97.36 111.41 NOTE
r-devel-linux-x86_64-fedora-clang 0.1.1 181.12 NOTE
r-devel-linux-x86_64-fedora-gcc 0.1.1 168.59 NOTE
r-devel-windows-x86_64 0.1.1 26.00 149.00 175.00 NOTE
r-devel-windows-x86_64-gcc10-UCRT 0.1.1 NOTE
r-patched-linux-x86_64 0.1.1 15.67 120.55 136.22 NOTE
r-patched-solaris-x86 0.1.1 252.10 NOTE
r-release-linux-x86_64 0.1.1 14.05 121.05 135.10 NOTE
r-release-macos-arm64 0.1.1 NOTE
r-release-macos-x86_64 0.1.1 NOTE
r-release-windows-ix86+x86_64 0.1.1 39.00 147.00 186.00 NOTE
r-oldrel-macos-x86_64 0.1.1 OK
r-oldrel-windows-ix86+x86_64 0.1.1 42.00 174.00 216.00 OK

Check Details

Version: 0.1.1
Check: LazyData
Result: NOTE
     'LazyData' is specified without a 'data' directory
Flavors: r-devel-linux-x86_64-debian-clang, r-devel-linux-x86_64-debian-gcc, r-devel-linux-x86_64-fedora-clang, r-devel-linux-x86_64-fedora-gcc, r-devel-windows-x86_64, r-devel-windows-x86_64-gcc10-UCRT, r-patched-linux-x86_64, r-patched-solaris-x86, r-release-linux-x86_64, r-release-macos-arm64, r-release-macos-x86_64, r-release-windows-ix86+x86_64