CRAN Package Check Results for Package BayesNSGP

Last updated on 2021-07-31 22:53:20 CEST.

Flavor Version Tinstall Tcheck Ttotal Status Flags
r-devel-linux-x86_64-debian-clang 0.1.1 15.76 127.15 142.91 NOTE
r-devel-linux-x86_64-debian-gcc 0.1.1 14.27 94.94 109.21 NOTE
r-devel-linux-x86_64-fedora-clang 0.1.1 178.83 NOTE
r-devel-linux-x86_64-fedora-gcc 0.1.1 168.01 NOTE
r-devel-windows-x86_64 0.1.1 18.00 129.00 147.00 NOTE
r-devel-windows-x86_64-gcc10-UCRT 0.1.1 NOTE
r-patched-linux-x86_64 0.1.1 NOTE
r-patched-solaris-x86 0.1.1 251.00 NOTE
r-release-linux-x86_64 0.1.1 13.85 118.68 132.53 NOTE
r-release-macos-arm64 0.1.1 NOTE
r-release-macos-x86_64 0.1.1 NOTE
r-release-windows-ix86+x86_64 0.1.1 34.00 110.00 144.00 NOTE
r-oldrel-macos-x86_64 0.1.1 OK
r-oldrel-windows-ix86+x86_64 0.1.1 26.00 146.00 172.00 OK

Check Details

Version: 0.1.1
Check: LazyData
Result: NOTE
     'LazyData' is specified without a 'data' directory
Flavors: r-devel-linux-x86_64-debian-clang, r-devel-linux-x86_64-debian-gcc, r-devel-linux-x86_64-fedora-clang, r-devel-linux-x86_64-fedora-gcc, r-devel-windows-x86_64, r-devel-windows-x86_64-gcc10-UCRT, r-patched-linux-x86_64, r-patched-solaris-x86, r-release-linux-x86_64, r-release-macos-arm64, r-release-macos-x86_64, r-release-windows-ix86+x86_64