CRAN Package Check Results for Package BayesNetBP

Last updated on 2021-10-16 22:52:46 CEST.

Flavor Version Tinstall Tcheck Ttotal Status Flags
r-devel-linux-x86_64-debian-clang 1.5.9 15.16 143.85 159.01 NOTE
r-devel-linux-x86_64-debian-gcc 1.5.9 14.07 108.09 122.16 NOTE
r-devel-linux-x86_64-fedora-clang 1.5.9 200.21 NOTE
r-devel-linux-x86_64-fedora-gcc 1.5.9 197.09 NOTE
r-devel-windows-x86_64 1.5.9 37.00 150.00 187.00 NOTE
r-devel-windows-x86_64-gcc10-UCRT 1.5.9 NOTE
r-patched-linux-x86_64 1.5.9 14.38 137.89 152.27 NOTE
r-patched-solaris-x86 1.5.9 265.60 NOTE
r-release-linux-x86_64 1.5.9 15.75 138.05 153.80 NOTE
r-release-macos-arm64 1.5.9 NOTE
r-release-macos-x86_64 1.5.9 NOTE
r-release-windows-ix86+x86_64 1.5.9 38.00 172.00 210.00 NOTE
r-oldrel-macos-x86_64 1.5.9 NOTE
r-oldrel-windows-ix86+x86_64 1.5.9 40.00 177.00 217.00 NOTE

Check Details

Version: 1.5.9
Check: package dependencies
Result: NOTE
    Package suggested but not available for checking: 'cyjShiny'
Flavors: r-devel-linux-x86_64-debian-clang, r-devel-linux-x86_64-debian-gcc, r-devel-linux-x86_64-fedora-clang, r-devel-linux-x86_64-fedora-gcc, r-devel-windows-x86_64, r-devel-windows-x86_64-gcc10-UCRT, r-patched-linux-x86_64, r-patched-solaris-x86, r-release-linux-x86_64, r-release-macos-x86_64, r-release-windows-ix86+x86_64, r-oldrel-macos-x86_64, r-oldrel-windows-ix86+x86_64

Version: 1.5.9
Check: package dependencies
Result: NOTE
    Packages suggested but not available for checking: 'cyjShiny', 'qtlnet'
Flavor: r-release-macos-arm64