CRAN Package Check Results for Package BayesPostEst

Last updated on 2021-07-29 22:55:51 CEST.

Flavor Version Tinstall Tcheck Ttotal Status Flags
r-devel-linux-x86_64-debian-clang 0.3.1 OK
r-devel-linux-x86_64-debian-gcc 0.3.1 6.80 154.59 161.39 OK
r-devel-linux-x86_64-fedora-clang 0.3.1 269.71 NOTE
r-devel-linux-x86_64-fedora-gcc 0.3.1 254.25 NOTE
r-devel-windows-x86_64 0.3.1 10.00 247.00 257.00 OK
r-devel-windows-x86_64-gcc10-UCRT 0.3.1 NOTE
r-patched-linux-x86_64 0.3.1 8.51 200.15 208.66 OK
r-patched-solaris-x86 0.3.1 389.70 NOTE
r-release-linux-x86_64 0.3.1 8.26 199.18 207.44 OK
r-release-macos-arm64 0.3.1 ERROR
r-release-macos-x86_64 0.3.1 NOTE
r-release-windows-ix86+x86_64 0.3.1 21.00 273.00 294.00 OK
r-oldrel-macos-x86_64 0.3.1 NOTE
r-oldrel-windows-ix86+x86_64 0.3.1 14.00 282.00 296.00 OK

Check Details

Version: 0.3.1
Check: dependencies in R code
Result: NOTE
    Namespaces in Imports field not imported from:
     ‘HDInterval’ ‘carData’
     All declared Imports should be used.
Flavors: r-devel-linux-x86_64-fedora-clang, r-devel-linux-x86_64-fedora-gcc, r-devel-windows-x86_64-gcc10-UCRT, r-patched-solaris-x86, r-release-macos-arm64, r-release-macos-x86_64, r-oldrel-macos-x86_64

Version: 0.3.1
Check: package dependencies
Result: NOTE
    Packages suggested but not available for checking:
     'rjags', 'R2jags', 'runjags'
Flavor: r-release-macos-arm64

Version: 0.3.1
Check: whether package can be installed
Result: WARN
    Found the following significant warnings:
     Warning: namespace ‘rjags’ is not available and has been replaced
Flavor: r-release-macos-arm64

Version: 0.3.1
Check: Rd cross-references
Result: NOTE
    Package unavailable to check Rd xrefs: ‘R2jags’
Flavor: r-release-macos-arm64

Version: 0.3.1
Check: examples
Result: ERROR
    Running examples in ‘BayesPostEst-Ex.R’ failed
    The error most likely occurred in:
    
    > ### Name: print.mcmcRocPrc
    > ### Title: ROC and Precision-Recall Curves using Bayesian MCMC estimates
    > ### Aliases: print.mcmcRocPrc plot.mcmcRocPrc as.data.frame.mcmcRocPrc
    > ### mcmcRocPrc mcmcRocPrc.default mcmcRocPrc.jags mcmcRocPrc.rjags
    > ### mcmcRocPrc.runjags mcmcRocPrc.stanfit mcmcRocPrc.stanreg
    > ### mcmcRocPrc.brmsfit mcmcRocPrc.bugs mcmcRocPrc.mcmc
    >
    > ### ** Examples
    >
    > # load simulated data and fitted model (see ?sim_data and ?jags_logit)
    > data("jags_logit")
    >
    > # using mcmcRocPrc
    > fit_sum <- mcmcRocPrc(jags_logit,
    + yname = "Y",
    + xnames = c("X1", "X2"),
    + curves = TRUE,
    + fullsims = FALSE)
    Error: Package "R2jags" is needed for this function to work. Please install it.
    Execution halted
Flavor: r-release-macos-arm64

Version: 0.3.1
Check: tests
Result: ERROR
     Running ‘testthat.R’ [1s/1s]
    Running the tests in ‘tests/testthat.R’ failed.
    Complete output:
     > library(testthat)
     > library(BayesPostEst)
     >
     > test_check("BayesPostEst")
     Error in library(R2jags) : there is no package called 'R2jags'
     Calls: test_check ... source_dir -> lapply -> FUN -> eval -> eval -> library
     Execution halted
Flavor: r-release-macos-arm64