CRAN Package Check Results for Package BayesSPsurv

Last updated on 2021-10-28 01:48:42 CEST.

Flavor Version Tinstall Tcheck Ttotal Status Flags
r-devel-linux-x86_64-debian-clang 0.1.4 53.01 113.65 166.66 OK
r-devel-linux-x86_64-debian-gcc 0.1.4 41.03 84.02 125.05 OK
r-devel-linux-x86_64-fedora-clang 0.1.4 224.74 NOTE
r-devel-linux-x86_64-fedora-gcc 0.1.4 203.23 NOTE
r-devel-windows-x86_64 0.1.4 73.00 146.00 219.00 OK
r-devel-windows-x86_64-gcc10-UCRT 0.1.4 NOTE
r-patched-linux-x86_64 0.1.4 47.31 107.14 154.45 OK
r-patched-solaris-x86 0.1.4 265.60 NOTE
r-release-linux-x86_64 0.1.4 48.05 108.31 156.36 OK
r-release-macos-arm64 0.1.4 NOTE
r-release-macos-x86_64 0.1.4 NOTE
r-release-windows-ix86+x86_64 0.1.4 93.00 169.00 262.00 OK
r-oldrel-macos-x86_64 0.1.4 NOTE
r-oldrel-windows-ix86+x86_64 0.1.4 101.00 167.00 268.00 OK

Check Details

Version: 0.1.4
Check: dependencies in R code
Result: NOTE
    Namespace in Imports field not imported from: ‘Rcpp’
     All declared Imports should be used.
Flavors: r-devel-linux-x86_64-fedora-clang, r-devel-linux-x86_64-fedora-gcc, r-devel-windows-x86_64-gcc10-UCRT, r-patched-solaris-x86, r-release-macos-arm64, r-release-macos-x86_64, r-oldrel-macos-x86_64