CRAN Package Check Results for Package BayesSPsurv

Last updated on 2021-05-06 22:55:13 CEST.

Flavor Version Tinstall Tcheck Ttotal Status Flags
r-devel-linux-x86_64-debian-clang 0.1.2 54.71 112.61 167.32 OK
r-devel-linux-x86_64-debian-gcc 0.1.2 38.54 88.55 127.09 OK
r-devel-linux-x86_64-fedora-clang 0.1.2 224.17 NOTE
r-devel-linux-x86_64-fedora-gcc 0.1.2 203.55 NOTE
r-devel-windows-ix86+x86_64 0.1.2 122.00 193.00 315.00 OK
r-devel-windows-x86_64-gcc10-UCRT 0.1.2 NOTE
r-patched-linux-x86_64 0.1.2 47.12 110.23 157.35 OK
r-patched-solaris-x86 0.1.2 258.40 NOTE
r-release-linux-x86_64 0.1.2 47.20 101.01 148.21 OK
r-release-macos-x86_64 0.1.2 NOTE
r-release-windows-ix86+x86_64 0.1.2 101.00 135.00 236.00 OK
r-oldrel-macos-x86_64 0.1.2 NOTE
r-oldrel-windows-ix86+x86_64 0.1.2 110.00 158.00 268.00 OK

Check Details

Version: 0.1.2
Check: dependencies in R code
Result: NOTE
    Namespace in Imports field not imported from: ‘Rcpp’
     All declared Imports should be used.
Flavors: r-devel-linux-x86_64-fedora-clang, r-devel-linux-x86_64-fedora-gcc, r-devel-windows-x86_64-gcc10-UCRT, r-patched-solaris-x86, r-release-macos-x86_64, r-oldrel-macos-x86_64