Last updated on 2023-09-28 23:08:40 CEST.
Flavor | Version | Tinstall | Tcheck | Ttotal | Status | Flags |
---|---|---|---|---|---|---|
r-devel-linux-x86_64-debian-clang | 1.1.0 | 7.77 | 90.98 | 98.75 | OK | |
r-devel-linux-x86_64-debian-gcc | 1.1.0 | 6.59 | 64.91 | 71.50 | OK | |
r-devel-linux-x86_64-fedora-clang | 1.1.0 | 123.23 | NOTE | |||
r-devel-linux-x86_64-fedora-gcc | 1.1.0 | 139.43 | NOTE | |||
r-devel-windows-x86_64 | 1.1.0 | 8.00 | 95.00 | 103.00 | OK | |
r-patched-linux-x86_64 | 1.1.0 | 8.77 | 87.72 | 96.49 | OK | |
r-release-linux-x86_64 | 1.1.0 | 8.33 | 89.85 | 98.18 | OK | |
r-release-macos-arm64 | 1.1.0 | 53.00 | OK | |||
r-release-macos-x86_64 | 1.1.0 | 91.00 | OK | |||
r-release-windows-x86_64 | 1.1.0 | 12.00 | 96.00 | 108.00 | OK | |
r-oldrel-macos-arm64 | 1.1.0 | 45.00 | OK | |||
r-oldrel-macos-x86_64 | 1.1.0 | 61.00 | NOTE | |||
r-oldrel-windows-x86_64 | 1.1.0 | 12.00 | 96.00 | 108.00 | OK |
Version: 1.1.0
Check: dependencies in R code
Result: NOTE
Namespaces in Imports field not imported from:
‘MASS’ ‘Matrix’ ‘matrixcalc’ ‘stats’
All declared Imports should be used.
Flavors: r-devel-linux-x86_64-fedora-clang, r-devel-linux-x86_64-fedora-gcc, r-oldrel-macos-x86_64