CRAN Package Check Results for Package BayesSampling

Last updated on 2024-07-18 22:49:49 CEST.

Flavor Version Tinstall Tcheck Ttotal Status Flags
r-devel-linux-x86_64-debian-clang 1.1.0 5.25 89.01 94.26 OK
r-devel-linux-x86_64-debian-gcc 1.1.0 6.84 64.44 71.28 OK
r-devel-linux-x86_64-fedora-clang 1.1.0 129.17 NOTE
r-devel-linux-x86_64-fedora-gcc 1.1.0 141.57 NOTE
r-devel-windows-x86_64 1.1.0 7.00 93.00 100.00 OK
r-patched-linux-x86_64 1.1.0 7.26 88.60 95.86 OK
r-release-linux-x86_64 1.1.0 5.45 88.36 93.81 OK
r-release-macos-arm64 1.1.0 50.00 OK
r-release-macos-x86_64 1.1.0 79.00 OK
r-release-windows-x86_64 1.1.0 7.00 94.00 101.00 OK
r-oldrel-macos-arm64 1.1.0 53.00 OK
r-oldrel-macos-x86_64 1.1.0 91.00 OK
r-oldrel-windows-x86_64 1.1.0 9.00 99.00 108.00 OK

Check Details

Version: 1.1.0
Check: dependencies in R code
Result: NOTE Namespaces in Imports field not imported from: ‘MASS’ ‘Matrix’ ‘matrixcalc’ ‘stats’ All declared Imports should be used. Flavors: r-devel-linux-x86_64-fedora-clang, r-devel-linux-x86_64-fedora-gcc