CRAN Package Check Results for Package BayesSenMC

Last updated on 2024-02-27 23:08:07 CET.

Flavor Version Tinstall Tcheck Ttotal Status Flags
r-devel-linux-x86_64-debian-clang 0.1.5 656.55 237.24 893.79 NOTE
r-devel-linux-x86_64-debian-gcc 0.1.5 627.01 217.15 844.16 NOTE
r-devel-linux-x86_64-fedora-clang 0.1.5 1155.10 NOTE
r-devel-linux-x86_64-fedora-gcc 0.1.5 1517.07 NOTE
r-devel-windows-x86_64 0.1.5 529.00 251.00 780.00 NOTE
r-patched-linux-x86_64 0.1.5 701.39 285.85 987.24 NOTE
r-release-linux-x86_64 0.1.5 564.29 284.84 849.13 NOTE
r-release-macos-arm64 0.1.5 347.00 NOTE
r-release-macos-x86_64 0.1.5 528.00 NOTE
r-release-windows-x86_64 0.1.5 680.00 308.00 988.00 NOTE
r-oldrel-macos-arm64 0.1.5 219.00 NOTE
r-oldrel-windows-x86_64 0.1.5 643.00 284.00 927.00 NOTE

Check Details

Version: 0.1.5
Check: for GNU extensions in Makefiles
Result: NOTE GNU make is a SystemRequirements. Flavors: r-devel-linux-x86_64-debian-clang, r-devel-linux-x86_64-debian-gcc, r-devel-linux-x86_64-fedora-clang, r-devel-linux-x86_64-fedora-gcc, r-devel-windows-x86_64, r-patched-linux-x86_64, r-release-linux-x86_64, r-release-macos-arm64, r-release-macos-x86_64, r-release-windows-x86_64, r-oldrel-macos-arm64, r-oldrel-windows-x86_64

Version: 0.1.5
Check: installed package size
Result: NOTE installed size is 6.6Mb sub-directories of 1Mb or more: libs 6.2Mb Flavors: r-devel-linux-x86_64-fedora-clang, r-devel-windows-x86_64, r-release-macos-arm64, r-release-macos-x86_64, r-release-windows-x86_64, r-oldrel-macos-arm64, r-oldrel-windows-x86_64

Version: 0.1.5
Check: dependencies in R code
Result: NOTE Namespaces in Imports field not imported from: ‘RcppParallel’ ‘rstantools’ All declared Imports should be used. Flavors: r-devel-linux-x86_64-fedora-clang, r-devel-linux-x86_64-fedora-gcc, r-oldrel-macos-arm64