Last updated on 2023-09-24 22:59:33 CEST.
Flavor | Version | Tinstall | Tcheck | Ttotal | Status | Flags |
---|---|---|---|---|---|---|
r-devel-linux-x86_64-debian-clang | 2.2.5 | 16.41 | 51.50 | 67.91 | OK | |
r-devel-linux-x86_64-debian-gcc | 2.2.5 | 16.33 | 39.17 | 55.50 | OK | |
r-devel-linux-x86_64-fedora-clang | 2.2.5 | 82.38 | NOTE | |||
r-devel-linux-x86_64-fedora-gcc | 2.2.5 | 93.08 | NOTE | |||
r-devel-windows-x86_64 | 2.2.5 | 18.00 | 77.00 | 95.00 | OK | |
r-patched-linux-x86_64 | 2.2.5 | 20.07 | 48.42 | 68.49 | OK | |
r-release-linux-x86_64 | 2.2.5 | 17.22 | 49.08 | 66.30 | OK | |
r-release-macos-arm64 | 2.2.5 | 28.00 | OK | |||
r-release-macos-x86_64 | 2.2.5 | 44.00 | OK | |||
r-release-windows-x86_64 | 2.2.5 | 20.00 | 82.00 | 102.00 | OK | |
r-oldrel-macos-arm64 | 2.2.5 | 29.00 | OK | |||
r-oldrel-macos-x86_64 | 2.2.5 | 38.00 | OK | |||
r-oldrel-windows-x86_64 | 2.2.5 | 24.00 | 74.00 | 98.00 | OK |
Version: 2.2.5
Check: data for non-ASCII characters
Result: NOTE
Note: found 385 marked UTF-8 strings
Flavors: r-devel-linux-x86_64-fedora-clang, r-devel-linux-x86_64-fedora-gcc