CRAN Package Check Results for Package BayesVarSel

Last updated on 2021-09-25 22:53:59 CEST.

Flavor Version Tinstall Tcheck Ttotal Status Flags
r-devel-linux-x86_64-debian-clang 2.0.1 15.66 75.78 91.44 OK
r-devel-linux-x86_64-debian-gcc 2.0.1 12.38 58.02 70.40 OK
r-devel-linux-x86_64-fedora-clang 2.0.1 113.19 OK
r-devel-linux-x86_64-fedora-gcc 2.0.1 104.54 OK
r-devel-windows-x86_64 2.0.1 20.00 70.00 90.00 OK
r-devel-windows-x86_64-gcc10-UCRT 2.0.1 OK
r-patched-linux-x86_64 2.0.1 16.96 73.27 90.23 OK
r-patched-solaris-x86 2.0.1 131.40 OK
r-release-linux-x86_64 2.0.1 16.55 73.32 89.87 OK
r-release-macos-arm64 2.0.1 NOTE
r-release-macos-x86_64 2.0.1 NOTE
r-release-windows-ix86+x86_64 2.0.1 36.00 106.00 142.00 OK
r-oldrel-macos-x86_64 2.0.1 NOTE
r-oldrel-windows-ix86+x86_64 2.0.1 59.00 79.00 138.00 OK

Check Details

Version: 2.0.1
Check: installed package size
Result: NOTE
     installed size is 6.6Mb
     sub-directories of 1Mb or more:
     doc 2.7Mb
     libs 3.5Mb
Flavors: r-release-macos-arm64, r-release-macos-x86_64, r-oldrel-macos-x86_64