CRAN Package Check Results for Package BayesianNetwork

Last updated on 2019-09-17 22:48:02 CEST.

Flavor Version Tinstall Tcheck Ttotal Status Flags
r-devel-linux-x86_64-debian-clang 0.1.5 6.13 54.62 60.75 OK
r-devel-linux-x86_64-debian-gcc 0.1.5 5.50 41.79 47.29 OK
r-devel-linux-x86_64-fedora-clang 0.1.5 73.85 NOTE
r-devel-linux-x86_64-fedora-gcc 0.1.5 70.93 NOTE
r-devel-windows-ix86+x86_64 0.1.5 38.00 111.00 149.00 OK
r-patched-linux-x86_64 0.1.5 5.97 52.27 58.24 OK
r-patched-solaris-x86 0.1.5 113.90 NOTE
r-release-linux-x86_64 0.1.5 5.68 52.95 58.63 OK
r-release-windows-ix86+x86_64 0.1.5 23.00 87.00 110.00 OK
r-release-osx-x86_64 0.1.5 NOTE
r-oldrel-windows-ix86+x86_64 0.1.5 30.00 115.00 145.00 OK
r-oldrel-osx-x86_64 0.1.5 NOTE

Check Details

Version: 0.1.5
Check: dependencies in R code
Result: NOTE
    Namespaces in Imports field not imported from:
     ‘shinytest’ ‘testthat’
     All declared Imports should be used.
Flavors: r-devel-linux-x86_64-fedora-clang, r-devel-linux-x86_64-fedora-gcc, r-patched-solaris-x86, r-release-osx-x86_64, r-oldrel-osx-x86_64