CRAN Package Check Results for Package BayesianPower

Last updated on 2024-02-28 22:59:13 CET.

Flavor Version Tinstall Tcheck Ttotal Status Flags
r-devel-linux-x86_64-debian-clang 0.2.3 1.69 32.88 34.57 NOTE
r-devel-linux-x86_64-debian-gcc 0.2.3 1.82 24.77 26.59 NOTE
r-devel-linux-x86_64-fedora-clang 0.2.3 43.38 NOTE
r-devel-linux-x86_64-fedora-gcc 0.2.3 53.78 NOTE
r-devel-windows-x86_64 0.2.3 3.00 45.00 48.00 NOTE
r-patched-linux-x86_64 0.2.3 2.63 32.55 35.18 NOTE
r-release-linux-x86_64 0.2.3 2.06 32.08 34.14 NOTE
r-release-macos-arm64 0.2.3 23.00 NOTE
r-release-macos-x86_64 0.2.3 36.00 NOTE
r-release-windows-x86_64 0.2.3 4.00 46.00 50.00 NOTE
r-oldrel-macos-arm64 0.2.3 23.00 NOTE
r-oldrel-windows-x86_64 0.2.3 4.00 53.00 57.00 NOTE

Check Details

Version: 0.2.3
Check: LazyData
Result: NOTE 'LazyData' is specified without a 'data' directory Flavors: r-devel-linux-x86_64-debian-clang, r-devel-linux-x86_64-debian-gcc, r-devel-linux-x86_64-fedora-clang, r-devel-linux-x86_64-fedora-gcc, r-devel-windows-x86_64, r-patched-linux-x86_64, r-release-linux-x86_64, r-release-macos-arm64, r-release-macos-x86_64, r-release-windows-x86_64, r-oldrel-macos-arm64, r-oldrel-windows-x86_64