Last updated on 2023-09-28 23:08:40 CEST.
Flavor | Version | Tinstall | Tcheck | Ttotal | Status | Flags |
---|---|---|---|---|---|---|
r-devel-linux-x86_64-debian-clang | 0.2.3 | 2.37 | 32.75 | 35.12 | NOTE | |
r-devel-linux-x86_64-debian-gcc | 0.2.3 | 1.72 | 24.54 | 26.26 | NOTE | |
r-devel-linux-x86_64-fedora-clang | 0.2.3 | 44.00 | NOTE | |||
r-devel-linux-x86_64-fedora-gcc | 0.2.3 | 55.93 | NOTE | |||
r-devel-windows-x86_64 | 0.2.3 | 7.00 | 46.00 | 53.00 | NOTE | |
r-patched-linux-x86_64 | 0.2.3 | 1.93 | 31.17 | 33.10 | NOTE | |
r-release-linux-x86_64 | 0.2.3 | 2.23 | 32.52 | 34.75 | NOTE | |
r-release-macos-arm64 | 0.2.3 | 23.00 | NOTE | |||
r-release-macos-x86_64 | 0.2.3 | 36.00 | NOTE | |||
r-release-windows-x86_64 | 0.2.3 | 4.00 | 48.00 | 52.00 | NOTE | |
r-oldrel-macos-arm64 | 0.2.3 | 23.00 | NOTE | |||
r-oldrel-macos-x86_64 | 0.2.3 | 26.00 | NOTE | |||
r-oldrel-windows-x86_64 | 0.2.3 | 3.00 | 51.00 | 54.00 | NOTE |
Version: 0.2.3
Check: LazyData
Result: NOTE
'LazyData' is specified without a 'data' directory
Flavors: r-devel-linux-x86_64-debian-clang, r-devel-linux-x86_64-debian-gcc, r-devel-linux-x86_64-fedora-clang, r-devel-linux-x86_64-fedora-gcc, r-devel-windows-x86_64, r-patched-linux-x86_64, r-release-linux-x86_64, r-release-macos-arm64, r-release-macos-x86_64, r-release-windows-x86_64, r-oldrel-macos-arm64, r-oldrel-macos-x86_64, r-oldrel-windows-x86_64