CRAN Package Check Results for Package BeeGUTS

Last updated on 2024-02-29 22:58:38 CET.

Flavor Version Tinstall Tcheck Ttotal Status Flags
r-devel-linux-x86_64-debian-clang 1.1.3 336.00 368.23 704.23 OK
r-devel-linux-x86_64-debian-gcc 1.1.3 271.45 371.64 643.09 OK
r-devel-linux-x86_64-fedora-clang 1.1.3 839.43 NOTE
r-devel-linux-x86_64-fedora-gcc 1.1.3 1162.36 NOTE
r-devel-windows-x86_64 1.1.3 233.00 449.00 682.00 NOTE
r-patched-linux-x86_64 1.1.3 241.39 499.15 740.54 OK
r-release-linux-x86_64 1.1.3 254.37 497.55 751.92 OK
r-release-macos-arm64 1.1.3 328.00 NOTE
r-release-macos-x86_64 1.1.3 694.00 NOTE
r-release-windows-x86_64 1.1.3 298.00 698.00 996.00 NOTE
r-oldrel-macos-arm64 1.1.3 300.00 NOTE
r-oldrel-windows-x86_64 1.1.3 272.00 462.00 734.00 NOTE

Check Details

Version: 1.1.3
Check: installed package size
Result: NOTE installed size is 5.7Mb sub-directories of 1Mb or more: data 1.7Mb libs 3.4Mb Flavors: r-devel-linux-x86_64-fedora-clang, r-devel-windows-x86_64, r-release-macos-arm64, r-release-macos-x86_64, r-release-windows-x86_64, r-oldrel-macos-arm64, r-oldrel-windows-x86_64

Version: 1.1.3
Check: for GNU extensions in Makefiles
Result: NOTE GNU make is a SystemRequirements. Flavors: r-devel-linux-x86_64-fedora-clang, r-devel-linux-x86_64-fedora-gcc, r-release-macos-arm64, r-release-macos-x86_64, r-oldrel-macos-arm64