CRAN Package Check Results for Package BenfordTests

Last updated on 2022-01-20 22:53:56 CET.

Flavor Version Tinstall Tcheck Ttotal Status Flags
r-devel-linux-x86_64-debian-clang 1.2.0 OK
r-devel-linux-x86_64-debian-gcc 1.2.0 2.89 26.73 29.62 OK
r-devel-linux-x86_64-fedora-clang 1.2.0 47.64 NOTE
r-devel-linux-x86_64-fedora-gcc 1.2.0 36.21 NOTE
r-devel-windows-x86_64-new-UL 1.2.0 56.00 56.00 112.00 OK
r-devel-windows-x86_64-new-TK 1.2.0 OK
r-patched-linux-x86_64 1.2.0 4.31 32.05 36.36 OK
r-release-linux-x86_64 1.2.0 3.57 32.85 36.42 OK
r-release-macos-arm64 1.2.0 OK
r-release-macos-x86_64 1.2.0 OK
r-release-windows-ix86+x86_64 1.2.0 10.00 52.00 62.00 OK
r-oldrel-macos-x86_64 1.2.0 OK
r-oldrel-windows-ix86+x86_64 1.2.0 234.00 51.00 285.00 OK

Check Details

Version: 1.2.0
Check: compiled code
Result: NOTE
    File ‘BenfordTests/libs/BenfordTests.so’:
     Found no calls to: ‘R_registerRoutines’, ‘R_useDynamicSymbols’
    
    It is good practice to register native routines and to disable symbol
    search.
    
    See ‘Writing portable packages’ in the ‘Writing R Extensions’ manual.
Flavors: r-devel-linux-x86_64-fedora-clang, r-devel-linux-x86_64-fedora-gcc