CRAN Package Check Results for Package Bestie

Last updated on 2021-07-31 22:53:21 CEST.

Flavor Version Tinstall Tcheck Ttotal Status Flags
r-devel-linux-x86_64-debian-clang 0.1.2 19.60 31.76 51.36 NOTE
r-devel-linux-x86_64-debian-gcc 0.1.2 12.71 25.05 37.76 NOTE
r-devel-linux-x86_64-fedora-clang 0.1.2 75.47 NOTE
r-devel-linux-x86_64-fedora-gcc 0.1.2 59.40 NOTE
r-devel-windows-x86_64 0.1.2 17.00 59.00 76.00 NOTE
r-devel-windows-x86_64-gcc10-UCRT 0.1.2 NOTE
r-patched-linux-x86_64 0.1.2 NOTE
r-patched-solaris-x86 0.1.2 70.30 NOTE
r-release-linux-x86_64 0.1.2 14.12 30.72 44.84 NOTE
r-release-macos-arm64 0.1.2 ERROR
r-release-macos-x86_64 0.1.2 NOTE
r-release-windows-ix86+x86_64 0.1.2 43.00 58.00 101.00 NOTE
r-oldrel-macos-x86_64 0.1.2 NOTE
r-oldrel-windows-ix86+x86_64 0.1.2 33.00 76.00 109.00 OK

Check Details

Version: 0.1.2
Check: LazyData
Result: NOTE
     'LazyData' is specified without a 'data' directory
Flavors: r-devel-linux-x86_64-debian-clang, r-devel-linux-x86_64-debian-gcc, r-devel-linux-x86_64-fedora-clang, r-devel-linux-x86_64-fedora-gcc, r-devel-windows-x86_64, r-devel-windows-x86_64-gcc10-UCRT, r-patched-linux-x86_64, r-patched-solaris-x86, r-release-linux-x86_64, r-release-macos-x86_64, r-release-windows-ix86+x86_64

Version: 0.1.2
Check: dependencies in R code
Result: NOTE
    Namespace in Imports field not imported from: ‘BiDAG’
     All declared Imports should be used.
Flavors: r-devel-linux-x86_64-fedora-clang, r-devel-linux-x86_64-fedora-gcc, r-devel-windows-x86_64-gcc10-UCRT, r-patched-solaris-x86, r-release-macos-x86_64, r-oldrel-macos-x86_64

Version: 0.1.2
Check: package dependencies
Result: ERROR
    Package required but not available: ‘BiDAG’
    
    See section ‘The DESCRIPTION file’ in the ‘Writing R Extensions’
    manual.
Flavor: r-release-macos-arm64