Last updated on 2023-09-23 23:00:41 CEST.
Flavor | Version | Tinstall | Tcheck | Ttotal | Status | Flags |
---|---|---|---|---|---|---|
r-devel-linux-x86_64-debian-clang | 0.1.5 | 19.00 | 37.31 | 56.31 | OK | |
r-devel-linux-x86_64-debian-gcc | 0.1.5 | 13.99 | 32.31 | 46.30 | OK | |
r-devel-linux-x86_64-fedora-clang | 0.1.5 | 77.63 | NOTE | |||
r-devel-linux-x86_64-fedora-gcc | 0.1.5 | 76.66 | NOTE | |||
r-devel-windows-x86_64 | 0.1.5 | 18.00 | 67.00 | 85.00 | OK | |
r-patched-linux-x86_64 | 0.1.5 | 21.87 | 36.30 | 58.17 | OK | |
r-release-linux-x86_64 | 0.1.5 | 21.30 | 35.29 | 56.59 | OK | |
r-release-macos-arm64 | 0.1.5 | 27.00 | OK | |||
r-release-macos-x86_64 | 0.1.5 | 38.00 | OK | |||
r-release-windows-x86_64 | 0.1.5 | 23.00 | 69.00 | 92.00 | OK | |
r-oldrel-macos-arm64 | 0.1.5 | 24.00 | NOTE | |||
r-oldrel-macos-x86_64 | 0.1.5 | 32.00 | NOTE | |||
r-oldrel-windows-x86_64 | 0.1.5 | 23.00 | 69.00 | 92.00 | OK |
Version: 0.1.5
Check: dependencies in R code
Result: NOTE
Namespace in Imports field not imported from: ‘BiDAG’
All declared Imports should be used.
Flavors: r-devel-linux-x86_64-fedora-clang, r-devel-linux-x86_64-fedora-gcc, r-oldrel-macos-arm64, r-oldrel-macos-x86_64