CRAN Package Check Results for Package BetaPASS

Last updated on 2021-08-03 22:53:12 CEST.

Flavor Version Tinstall Tcheck Ttotal Status Flags
r-devel-linux-x86_64-debian-clang 1.1-1 2.56 67.57 70.13 NOTE
r-devel-linux-x86_64-debian-gcc 1.1-1 2.14 49.31 51.45 NOTE
r-devel-linux-x86_64-fedora-clang 1.1-1 90.94 NOTE
r-devel-linux-x86_64-fedora-gcc 1.1-1 82.62 NOTE
r-devel-windows-x86_64 1.1-1 4.00 85.00 89.00 NOTE
r-devel-windows-x86_64-gcc10-UCRT 1.1-1 NOTE
r-patched-linux-x86_64 1.1-1 2.49 64.77 67.26 NOTE
r-patched-solaris-x86 1.1-1 111.70 NOTE
r-release-linux-x86_64 1.1-1 2.58 63.80 66.38 NOTE
r-release-macos-arm64 1.1-1 WARN
r-release-macos-x86_64 1.1-1 NOTE
r-release-windows-ix86+x86_64 1.1-1 7.00 86.00 93.00 NOTE
r-oldrel-macos-x86_64 1.1-1 OK
r-oldrel-windows-ix86+x86_64 1.1-1 5.00 91.00 96.00 OK

Check Details

Version: 1.1-1
Check: LazyData
Result: NOTE
     'LazyData' is specified without a 'data' directory
Flavors: r-devel-linux-x86_64-debian-clang, r-devel-linux-x86_64-debian-gcc, r-devel-linux-x86_64-fedora-clang, r-devel-linux-x86_64-fedora-gcc, r-devel-windows-x86_64, r-devel-windows-x86_64-gcc10-UCRT, r-patched-linux-x86_64, r-patched-solaris-x86, r-release-linux-x86_64, r-release-macos-arm64, r-release-macos-x86_64, r-release-windows-ix86+x86_64

Version: 1.1-1
Check: re-building of vignette outputs
Result: WARN
    Error(s) in re-building vignettes:
     ...
    --- re-building ‘BetaPASS.Rmd’ using rmarkdown
    Warning in engine$weave(file, quiet = quiet, encoding = enc) :
     Pandoc (>= 1.12.3) not available. Falling back to R Markdown v1.
    Quitting from lines 96-97 (BetaPASS.Rmd)
    Error: processing vignette 'BetaPASS.Rmd' failed with diagnostics:
    polygon edge not found
    --- failed re-building ‘BetaPASS.Rmd’
    
    SUMMARY: processing the following file failed:
     ‘BetaPASS.Rmd’
    
    Error: Vignette re-building failed.
    Execution halted
Flavor: r-release-macos-arm64