CRAN Package Check Results for Package BiDAG

Last updated on 2021-07-30 22:57:17 CEST.

Flavor Version Tinstall Tcheck Ttotal Status Flags
r-devel-linux-x86_64-debian-clang 2.0.2 OK
r-devel-linux-x86_64-debian-gcc 2.0.3 26.20 98.34 124.54 OK
r-devel-linux-x86_64-fedora-clang 2.0.3 216.34 NOTE
r-devel-linux-x86_64-fedora-gcc 2.0.3 201.08 NOTE
r-devel-windows-x86_64 2.0.3 49.00 165.00 214.00 OK
r-devel-windows-x86_64-gcc10-UCRT 2.0.2 OK
r-patched-linux-x86_64 2.0.3 OK
r-patched-solaris-x86 2.0.3 209.10 NOTE
r-release-linux-x86_64 2.0.3 30.50 127.35 157.85 OK
r-release-macos-arm64 2.0.2 ERROR
r-release-macos-x86_64 2.0.3 NOTE
r-release-windows-ix86+x86_64 2.0.2 71.00 151.00 222.00 OK
r-oldrel-macos-x86_64 2.0.3 NOTE
r-oldrel-windows-ix86+x86_64 2.0.3 62.00 151.00 213.00 OK

Check Details

Version: 2.0.3
Check: dependencies in R code
Result: NOTE
    Namespace in Imports field not imported from: ‘RBGL’
     All declared Imports should be used.
Flavors: r-devel-linux-x86_64-fedora-clang, r-devel-linux-x86_64-fedora-gcc, r-patched-solaris-x86, r-release-macos-x86_64, r-oldrel-macos-x86_64

Version: 2.0.2
Check: package dependencies
Result: ERROR
    Package required but not available: ‘pcalg’
    
    See section ‘The DESCRIPTION file’ in the ‘Writing R Extensions’
    manual.
Flavor: r-release-macos-arm64