CRAN Package Check Results for Package BiDimRegression

Last updated on 2024-05-18 22:27:29 CEST.

Flavor Version Tinstall Tcheck Ttotal Status Flags
r-devel-linux-x86_64-debian-clang 2.0.1 3.78 42.72 46.50 NOTE
r-devel-linux-x86_64-debian-gcc 2.0.1 2.98 32.01 34.99 NOTE
r-devel-linux-x86_64-fedora-clang 2.0.1 59.28 NOTE
r-devel-linux-x86_64-fedora-gcc 2.0.1 69.35 NOTE
r-devel-windows-x86_64 2.0.1 4.00 53.00 57.00 NOTE
r-patched-linux-x86_64 2.0.1 2.88 40.35 43.23 NOTE
r-release-linux-x86_64 2.0.1 3.26 41.05 44.31 NOTE
r-release-macos-arm64 2.0.1 26.00 NOTE
r-release-windows-x86_64 2.0.1 4.00 53.00 57.00 NOTE
r-oldrel-macos-arm64 2.0.1 26.00 OK
r-oldrel-macos-x86_64 2.0.1 40.00 OK
r-oldrel-windows-x86_64 2.0.1 5.00 59.00 64.00 OK

Check Details

Version: 2.0.1
Check: Rd files
Result: NOTE checkRd: (-1) BiDimRegression.Rd:29: Lost braces; missing escapes or markup? 29 | \item \code{euclidean.df1, affine.df1} - degrees of freedom of the nominator used for the F-statistics propagated by Nakaya (1997); df1 = p-2, with p is the number of elements needed to calculate the referring model: p=4 for the Euclidean and p=6 for the affine geometry {Nakaya, 1997, Table 1}. | ^ Flavors: r-devel-linux-x86_64-debian-clang, r-devel-linux-x86_64-debian-gcc, r-devel-linux-x86_64-fedora-clang, r-devel-linux-x86_64-fedora-gcc, r-devel-windows-x86_64, r-patched-linux-x86_64, r-release-linux-x86_64, r-release-macos-arm64, r-release-windows-x86_64