CRAN Package Check Results for Package BiTrinA

Last updated on 2024-07-23 22:49:35 CEST.

Flavor Version Tinstall Tcheck Ttotal Status Flags
r-devel-linux-x86_64-debian-clang 1.3.1 8.97 49.04 58.01 NOTE
r-devel-linux-x86_64-debian-gcc 1.3.1 7.64 36.29 43.93 NOTE
r-devel-linux-x86_64-fedora-clang 1.3.1 76.46 NOTE
r-devel-linux-x86_64-fedora-gcc 1.3.1 82.94 NOTE
r-devel-windows-x86_64 1.3.1 11.00 80.00 91.00 NOTE
r-patched-linux-x86_64 1.3.1 7.94 45.46 53.40 OK
r-release-linux-x86_64 1.3.1 7.68 46.82 54.50 OK
r-release-macos-arm64 1.3.1 32.00 OK
r-release-macos-x86_64 1.3.1 47.00 OK
r-release-windows-x86_64 1.3.1 13.00 78.00 91.00 OK
r-oldrel-macos-arm64 1.3.1 49.00 OK
r-oldrel-macos-x86_64 1.3.1 107.00 OK
r-oldrel-windows-x86_64 1.3.1 11.00 77.00 88.00 OK

Check Details

Version: 1.3.1
Check: compiled code
Result: NOTE File ‘BiTrinA/libs/BiTrinA.so’: Found non-API call to R: ‘SET_TYPEOF’ Compiled code should not call non-API entry points in R. See ‘Writing portable packages’ in the ‘Writing R Extensions’ manual, and section ‘Moving into C API compliance’ for issues with the use of non-API entry points. Flavors: r-devel-linux-x86_64-debian-clang, r-devel-linux-x86_64-debian-gcc, r-devel-linux-x86_64-fedora-clang, r-devel-linux-x86_64-fedora-gcc

Version: 1.3.1
Check: compiled code
Result: NOTE File 'BiTrinA/libs/x64/BiTrinA.dll': Found non-API call to R: 'SET_TYPEOF' Compiled code should not call non-API entry points in R. See 'Writing portable packages' in the 'Writing R Extensions' manual, and section 'Moving into C API compliance' for issues with the use of non-API entry points. Flavor: r-devel-windows-x86_64