CRAN Package Check Results for Package BigQuic

Last updated on 2019-07-17 22:54:25 CEST.

Flavor Version Tinstall Tcheck Ttotal Status Flags
r-devel-linux-x86_64-debian-clang 1.1-8 46.57 54.99 101.56 NOTE
r-devel-linux-x86_64-debian-gcc 1.1-8 33.71 44.61 78.32 NOTE
r-devel-linux-x86_64-fedora-clang 1.1-8 133.63 NOTE
r-devel-linux-x86_64-fedora-gcc 1.1-8 125.87 NOTE
r-devel-windows-ix86+x86_64 1.1-8 150.00 124.00 274.00 OK
r-patched-linux-x86_64 1.1-8 40.71 54.58 95.29 NOTE
r-patched-solaris-x86 1.1-8 158.70 OK
r-release-linux-x86_64 1.1-8 39.98 54.40 94.38 NOTE
r-release-windows-ix86+x86_64 1.1-8 117.00 130.00 247.00 OK
r-release-osx-x86_64 1.1-8 OK
r-oldrel-windows-ix86+x86_64 1.1-8 112.00 130.00 242.00 OK
r-oldrel-osx-x86_64 1.1-8 OK

Check Details

Version: 1.1-8
Check: use of SHLIB_OPENMP_*FLAGS in Makefiles
Result: NOTE
     src/Makevars: SHLIB_OPENMP_CXXFLAGS is included in PKG_CXXFLAGS but not in PKG_LIBS
     src/Makevars: SHLIB_OPENMP_CFLAGS is included in PKG_LIBS but linking is by C++
     src/Makevars: it is not portable to include SHLIB_OPENMP_*' macros in PKG_CPPFLAGS
    Use of these macros is discussed in sect 1.2.1.1 of 'Writing R
    Extensions'. The macros for different languages may differ so the
    matching macro must be used in PKG_CXXFLAGS (etc) and match that used
    in PKG_LIBS (except for Fortran: see the manual).
    PKG_CPPFLAGS is used for both C and C++ code so it is not portable to
    use it for these macros.
Flavors: r-devel-linux-x86_64-debian-clang, r-devel-linux-x86_64-debian-gcc, r-devel-linux-x86_64-fedora-clang, r-devel-linux-x86_64-fedora-gcc, r-patched-linux-x86_64, r-release-linux-x86_64