CRAN Package Check Results for Package BigQuic

Last updated on 2019-10-16 22:55:53 CEST.

Flavor Version Tinstall Tcheck Ttotal Status Flags
r-devel-linux-x86_64-debian-clang 1.1-8 55.08 54.62 109.70 NOTE
r-devel-linux-x86_64-debian-gcc 1.1-8 35.50 44.54 80.04 NOTE
r-devel-linux-x86_64-fedora-clang 1.1-8 138.85 NOTE
r-devel-linux-x86_64-fedora-gcc 1.1-8 130.85 NOTE
r-devel-windows-ix86+x86_64 1.1-8 151.00 92.00 243.00 OK
r-patched-linux-x86_64 1.1-8 40.30 53.95 94.25 NOTE
r-patched-solaris-x86 1.1-8 151.20 OK
r-release-linux-x86_64 1.1-8 40.12 54.26 94.38 NOTE
r-release-windows-ix86+x86_64 1.1-8 122.00 129.00 251.00 OK
r-release-osx-x86_64 1.1-8 OK
r-oldrel-windows-ix86+x86_64 1.1-8 106.00 81.00 187.00 OK
r-oldrel-osx-x86_64 1.1-8 OK

Check Details

Version: 1.1-8
Check: use of SHLIB_OPENMP_*FLAGS in Makefiles
Result: NOTE
     src/Makevars: SHLIB_OPENMP_CXXFLAGS is included in PKG_CXXFLAGS but not in PKG_LIBS
     src/Makevars: SHLIB_OPENMP_CFLAGS is included in PKG_LIBS but linking is by C++
     src/Makevars: it is not portable to include SHLIB_OPENMP_*' macros in PKG_CPPFLAGS
    Use of these macros is discussed in sect 1.2.1.1 of 'Writing R
    Extensions'. The macros for different languages may differ so the
    matching macro must be used in PKG_CXXFLAGS (etc) and match that used
    in PKG_LIBS (except for Fortran: see the manual).
    PKG_CPPFLAGS is used for both C and C++ code so it is not portable to
    use it for these macros.
Flavors: r-devel-linux-x86_64-debian-clang, r-devel-linux-x86_64-debian-gcc, r-devel-linux-x86_64-fedora-clang, r-devel-linux-x86_64-fedora-gcc, r-patched-linux-x86_64, r-release-linux-x86_64