CRAN Package Check Results for Package BinGSD

Last updated on 2024-02-25 23:02:01 CET.

Flavor Version Tinstall Tcheck Ttotal Status Flags
r-devel-linux-x86_64-debian-clang 0.0.1 2.67 28.56 31.23 NOTE
r-devel-linux-x86_64-debian-gcc 0.0.1 2.35 21.93 24.28 NOTE
r-devel-linux-x86_64-fedora-clang 0.0.1 39.90 NOTE
r-devel-linux-x86_64-fedora-gcc 0.0.1 37.49 NOTE
r-devel-windows-x86_64 0.0.1 3.00 43.00 46.00 NOTE
r-patched-linux-x86_64 0.0.1 2.61 27.17 29.78 NOTE
r-release-linux-x86_64 0.0.1 2.57 27.42 29.99 NOTE
r-release-macos-arm64 0.0.1 17.00 NOTE
r-release-macos-x86_64 0.0.1 22.00 NOTE
r-release-windows-x86_64 0.0.1 4.00 44.00 48.00 NOTE
r-oldrel-macos-arm64 0.0.1 18.00 NOTE
r-oldrel-windows-x86_64 0.0.1 5.00 45.00 50.00 NOTE

Check Details

Version: 0.0.1
Check: LazyData
Result: NOTE 'LazyData' is specified without a 'data' directory Flavors: r-devel-linux-x86_64-debian-clang, r-devel-linux-x86_64-debian-gcc, r-devel-linux-x86_64-fedora-clang, r-devel-linux-x86_64-fedora-gcc, r-devel-windows-x86_64, r-patched-linux-x86_64, r-release-linux-x86_64, r-release-macos-arm64, r-release-macos-x86_64, r-release-windows-x86_64, r-oldrel-macos-arm64, r-oldrel-windows-x86_64