Last updated on 2023-09-24 22:59:33 CEST.
Flavor | Version | Tinstall | Tcheck | Ttotal | Status | Flags |
---|---|---|---|---|---|---|
r-devel-linux-x86_64-debian-clang | 0.3.4 | 3.75 | 45.01 | 48.76 | NOTE | |
r-devel-linux-x86_64-debian-gcc | 0.3.4 | 3.44 | 34.56 | 38.00 | NOTE | |
r-devel-linux-x86_64-fedora-clang | 0.3.4 | 60.86 | NOTE | |||
r-devel-linux-x86_64-fedora-gcc | 0.3.4 | 71.65 | NOTE | |||
r-devel-windows-x86_64 | 0.3.4 | 6.00 | 58.00 | 64.00 | NOTE | |
r-patched-linux-x86_64 | 0.3.4 | 3.99 | 43.12 | 47.11 | NOTE | |
r-release-linux-x86_64 | 0.3.4 | 4.61 | 44.09 | 48.70 | NOTE | |
r-release-macos-arm64 | 0.3.4 | 30.00 | NOTE | |||
r-release-macos-x86_64 | 0.3.4 | 47.00 | NOTE | |||
r-release-windows-x86_64 | 0.3.4 | 6.00 | 61.00 | 67.00 | NOTE | |
r-oldrel-macos-arm64 | 0.3.4 | 22.00 | NOTE | |||
r-oldrel-macos-x86_64 | 0.3.4 | 31.00 | NOTE | |||
r-oldrel-windows-x86_64 | 0.3.4 | 8.00 | 63.00 | 71.00 | NOTE |
Version: 0.3.4
Check: LazyData
Result: NOTE
'LazyData' is specified without a 'data' directory
Flavors: r-devel-linux-x86_64-debian-clang, r-devel-linux-x86_64-debian-gcc, r-devel-linux-x86_64-fedora-clang, r-devel-linux-x86_64-fedora-gcc, r-devel-windows-x86_64, r-patched-linux-x86_64, r-release-linux-x86_64, r-release-macos-arm64, r-release-macos-x86_64, r-release-windows-x86_64, r-oldrel-macos-arm64, r-oldrel-macos-x86_64, r-oldrel-windows-x86_64