CRAN Package Check Results for Package BioCircos

Last updated on 2021-11-30 22:54:25 CET.

Flavor Version Tinstall Tcheck Ttotal Status Flags
r-devel-linux-x86_64-debian-clang 0.3.4 3.66 37.85 41.51 NOTE
r-devel-linux-x86_64-debian-gcc 0.3.4 2.53 33.74 36.27 NOTE
r-devel-linux-x86_64-fedora-clang 0.3.4 61.33 NOTE
r-devel-linux-x86_64-fedora-gcc 0.3.4 52.77 NOTE
r-devel-windows-x86_64-new-UL 0.3.4 10.00 83.00 93.00 NOTE
r-devel-windows-x86_64-new-TK 0.3.4 NOTE
r-devel-windows-x86_64-old 0.3.4 6.00 49.00 55.00 NOTE
r-patched-linux-x86_64 0.3.4 3.43 36.40 39.83 NOTE
r-patched-solaris-x86 0.3.4 66.80 NOTE
r-release-linux-x86_64 0.3.4 3.48 36.07 39.55 NOTE
r-release-macos-arm64 0.3.4 NOTE
r-release-macos-x86_64 0.3.4 WARN
r-release-windows-ix86+x86_64 0.3.4 8.00 63.00 71.00 NOTE
r-oldrel-macos-x86_64 0.3.4 WARN
r-oldrel-windows-ix86+x86_64 0.3.4 7.00 49.00 56.00 OK

Check Details

Version: 0.3.4
Check: LazyData
Result: NOTE
     'LazyData' is specified without a 'data' directory
Flavors: r-devel-linux-x86_64-debian-clang, r-devel-linux-x86_64-debian-gcc, r-devel-linux-x86_64-fedora-clang, r-devel-linux-x86_64-fedora-gcc, r-devel-windows-x86_64-new-UL, r-devel-windows-x86_64-new-TK, r-devel-windows-x86_64-old, r-patched-linux-x86_64, r-patched-solaris-x86, r-release-linux-x86_64, r-release-macos-arm64, r-release-macos-x86_64, r-release-windows-ix86+x86_64

Version: 0.3.4
Check: re-building of vignette outputs
Result: WARN
    Error(s) in re-building vignettes:
     ...
    --- re-building ‘BioCircos.Rmd’ using rmarkdown
    Warning in engine$weave(file, quiet = quiet, encoding = enc) :
     Pandoc (>= 1.12.3) not available. Falling back to R Markdown v1.
    Quitting from lines 64-67 (BioCircos.Rmd)
    Error: processing vignette 'BioCircos.Rmd' failed with diagnostics:
    invalid 'path' argument
    --- failed re-building ‘BioCircos.Rmd’
    
    SUMMARY: processing the following file failed:
     ‘BioCircos.Rmd’
    
    Error: Vignette re-building failed.
    Execution halted
Flavor: r-release-macos-x86_64

Version: 0.3.4
Check: re-building of vignette outputs
Result: WARN
    Error(s) in re-building vignettes:
     ...
    --- re-building ‘BioCircos.Rmd’ using rmarkdown
    Warning in engine$weave(file, quiet = quiet, encoding = enc) :
     Pandoc (>= 1.12.3) and/or pandoc-citeproc not available. Falling back to R Markdown v1.
    Quitting from lines 64-67 (BioCircos.Rmd)
    Error: processing vignette 'BioCircos.Rmd' failed with diagnostics:
    cannot open the connection
    --- failed re-building ‘BioCircos.Rmd’
    
    SUMMARY: processing the following file failed:
     ‘BioCircos.Rmd’
    
    Error: Vignette re-building failed.
    Execution halted
Flavor: r-oldrel-macos-x86_64