CRAN Package Check Results for Package BioCircos

Last updated on 2024-05-20 21:54:10 CEST.

Flavor Version Tinstall Tcheck Ttotal Status Flags
r-devel-linux-x86_64-debian-clang 0.3.4 5.27 48.01 53.28 NOTE
r-devel-linux-x86_64-debian-gcc 0.3.4 3.49 35.87 39.36 NOTE
r-devel-linux-x86_64-fedora-clang 0.3.4 65.72 NOTE
r-devel-linux-x86_64-fedora-gcc 0.3.4 74.06 NOTE
r-devel-windows-x86_64 0.3.4 5.00 57.00 62.00 NOTE
r-patched-linux-x86_64 0.3.4 5.52 46.35 51.87 NOTE
r-release-linux-x86_64 0.3.4 4.24 45.21 49.45 NOTE
r-release-macos-arm64 0.3.4 30.00 NOTE
r-release-windows-x86_64 0.3.4 5.00 59.00 64.00 NOTE
r-oldrel-macos-arm64 0.3.4 30.00 NOTE
r-oldrel-macos-x86_64 0.3.4 47.00 NOTE
r-oldrel-windows-x86_64 0.3.4 6.00 66.00 72.00 NOTE

Check Details

Version: 0.3.4
Check: LazyData
Result: NOTE 'LazyData' is specified without a 'data' directory Flavors: r-devel-linux-x86_64-debian-clang, r-devel-linux-x86_64-debian-gcc, r-devel-linux-x86_64-fedora-clang, r-devel-linux-x86_64-fedora-gcc, r-devel-windows-x86_64, r-patched-linux-x86_64, r-release-linux-x86_64, r-release-macos-arm64, r-release-windows-x86_64, r-oldrel-macos-arm64, r-oldrel-macos-x86_64, r-oldrel-windows-x86_64