CRAN Package Check Results for Package BioRssay

Last updated on 2024-06-13 22:49:20 CEST.

Flavor Version Tinstall Tcheck Ttotal Status Flags
r-devel-linux-x86_64-debian-clang 1.1.0 2.61 40.77 43.38 OK
r-devel-linux-x86_64-debian-gcc 1.1.0 2.40 30.98 33.38 NOTE
r-devel-linux-x86_64-fedora-clang 1.1.0 56.53 OK
r-devel-linux-x86_64-fedora-gcc 1.1.0 66.43 OK
r-devel-windows-x86_64 1.1.0 4.00 50.00 54.00 OK
r-patched-linux-x86_64 1.1.0 2.49 38.45 40.94 OK
r-release-linux-x86_64 1.1.0 3.83 38.17 42.00 OK
r-release-macos-arm64 1.1.0 25.00 OK
r-release-macos-x86_64 1.1.0 41.00 OK
r-release-windows-x86_64 1.1.0 5.00 68.00 73.00 OK
r-oldrel-macos-arm64 1.1.0 30.00 OK
r-oldrel-macos-x86_64 1.1.0 37.00 OK
r-oldrel-windows-x86_64 1.1.0 5.00 54.00 59.00 OK

Check Details

Version: 1.1.0
Check: package dependencies
Result: NOTE Package suggested but not available for checking: ‘testthat’ Flavor: r-devel-linux-x86_64-debian-gcc