CRAN Package Check Results for Package BiocManager

Last updated on 2020-02-17 22:49:25 CET.

Flavor Version Tinstall Tcheck Ttotal Status Flags
r-devel-linux-x86_64-debian-clang 1.30.10 2.45 84.87 87.32 OK
r-devel-linux-x86_64-debian-gcc 1.30.10 2.17 63.91 66.08 OK
r-devel-linux-x86_64-fedora-clang 1.30.10 132.11 NOTE
r-devel-linux-x86_64-fedora-gcc 1.30.10 103.04 NOTE
r-devel-windows-ix86+x86_64 1.30.10 11.00 64.00 75.00 OK
r-devel-windows-ix86+x86_64-gcc8 1.30.10 16.00 85.00 101.00 OK
r-patched-linux-x86_64 1.30.10 1.89 75.81 77.70 OK
r-patched-solaris-x86 1.30.10 60.90 OK
r-release-linux-x86_64 1.30.10 1.99 74.14 76.13 OK
r-release-windows-ix86+x86_64 1.30.10 6.00 47.00 53.00 OK
r-release-osx-x86_64 1.30.10 NOTE
r-oldrel-windows-ix86+x86_64 1.30.10 4.00 57.00 61.00 OK
r-oldrel-osx-x86_64 1.30.10 NOTE

Check Details

Version: 1.30.10
Check: package dependencies
Result: NOTE
    Package suggested but not available for checking: ‘BiocVersion’
Flavors: r-devel-linux-x86_64-fedora-clang, r-devel-linux-x86_64-fedora-gcc

Version: 1.30.10
Check: package dependencies
Result: NOTE
    Packages suggested but not available for checking:
     'BiocStyle', 'BiocVersion'
Flavor: r-release-osx-x86_64

Version: 1.30.10
Check: package dependencies
Result: NOTE
    Packages suggested but not available for checking:
     ‘BiocStyle’ ‘BiocVersion’
Flavor: r-oldrel-osx-x86_64