CRAN Package Check Results for Package Bios2cor

Last updated on 2019-08-24 22:46:21 CEST.

Flavor Version Tinstall Tcheck Ttotal Status Flags
r-devel-linux-x86_64-debian-clang 1.2 5.61 109.23 114.84 NOTE
r-devel-linux-x86_64-debian-gcc 1.2 4.25 81.71 85.96 NOTE
r-devel-linux-x86_64-fedora-clang 1.2 134.47 NOTE
r-devel-linux-x86_64-fedora-gcc 1.2 130.73 NOTE
r-devel-windows-ix86+x86_64 1.2 10.00 121.00 131.00 OK
r-patched-linux-x86_64 1.2 5.84 107.42 113.26 OK
r-patched-solaris-x86 1.2 202.00 OK
r-release-linux-x86_64 1.2 4.90 108.74 113.64 OK
r-release-windows-ix86+x86_64 1.2 14.00 160.00 174.00 OK
r-release-osx-x86_64 1.2 OK
r-oldrel-windows-ix86+x86_64 1.2 10.00 164.00 174.00 OK
r-oldrel-osx-x86_64 1.2 OK

Check Details

Version: 1.2
Check: for non-standard things in the check directory
Result: NOTE
    Found the following files/directories:
     'angles.001.pdf' 'boxplot.png' 'contact_file.txt' 'corr_results.txt'
     'cyto_Zscore.txt' 'cyto_entropy.txt' 'entropy_graph.csv'
     'entropy_graph.pdf' 'network_file.pdf' 'pc1.txt' 'pc2.txt'
     'pca_2d.png' 'pca_results.txt' 'pdb_file.pdb' 'pml_file.pml'
     'results_entropy.txt' 'screeplot.png' 'top_scores.txt'
Flavors: r-devel-linux-x86_64-debian-clang, r-devel-linux-x86_64-debian-gcc, r-devel-linux-x86_64-fedora-clang, r-devel-linux-x86_64-fedora-gcc