CRAN Package Check Results for Package Biostatistics

Last updated on 2021-09-23 22:55:47 CEST.

Flavor Version Tinstall Tcheck Ttotal Status Flags
r-devel-linux-x86_64-debian-clang 1.0.3 2.48 19.11 21.59 OK
r-devel-linux-x86_64-debian-gcc 1.0.3 1.82 15.25 17.07 OK
r-devel-linux-x86_64-fedora-clang 1.0.3 36.16 NOTE
r-devel-linux-x86_64-fedora-gcc 1.0.3 25.34 NOTE
r-devel-windows-x86_64 1.0.3 4.00 28.00 32.00 OK
r-devel-windows-x86_64-gcc10-UCRT 1.0.3 NOTE
r-patched-linux-x86_64 1.0.3 2.59 18.78 21.37 OK
r-patched-solaris-x86 1.0.3 39.70 NOTE
r-release-linux-x86_64 1.0.3 2.26 18.76 21.02 OK
r-release-macos-arm64 1.0.3 NOTE
r-release-macos-x86_64 1.0.3 NOTE
r-release-windows-ix86+x86_64 1.0.3 6.00 39.00 45.00 OK
r-oldrel-macos-x86_64 1.0.3 NOTE
r-oldrel-windows-ix86+x86_64 1.0.3 4.00 26.00 30.00 OK

Check Details

Version: 1.0.3
Check: data for non-ASCII characters
Result: NOTE
     Note: found 46 marked UTF-8 strings
Flavors: r-devel-linux-x86_64-fedora-clang, r-devel-linux-x86_64-fedora-gcc, r-devel-windows-x86_64-gcc10-UCRT, r-patched-solaris-x86, r-release-macos-arm64, r-release-macos-x86_64, r-oldrel-macos-x86_64