CRAN Package Check Results for Package BivRec

Last updated on 2020-02-24 22:50:18 CET.

Flavor Version Tinstall Tcheck Ttotal Status Flags
r-devel-linux-x86_64-debian-clang 1.2.0 13.74 147.93 161.67 OK
r-devel-linux-x86_64-debian-gcc 1.2.0 10.31 103.85 114.16 OK
r-devel-linux-x86_64-fedora-clang 1.2.0 189.75 OK
r-devel-linux-x86_64-fedora-gcc 1.2.0 169.88 OK
r-devel-windows-ix86+x86_64 1.2.0 26.00 204.00 230.00 OK
r-devel-windows-ix86+x86_64-gcc8 1.2.0 35.00 285.00 320.00 OK
r-patched-linux-x86_64 1.2.0 12.48 123.72 136.20 OK
r-patched-solaris-x86 1.2.0 221.20 OK
r-release-linux-x86_64 1.2.0 11.68 119.51 131.19 OK
r-release-windows-ix86+x86_64 1.2.0 25.00 188.00 213.00 OK
r-release-osx-x86_64 1.2.0 OK
r-oldrel-windows-ix86+x86_64 1.2.0 19.00 197.00 216.00 ERROR
r-oldrel-osx-x86_64 1.2.0 OK

Check Details

Version: 1.2.0
Check: running tests for arch ‘i386’
Result: ERROR
     Running 'testthat.R' [38s]
    Running the tests in 'tests/testthat.R' failed.
    Complete output:
     > library(testthat)
     > library(BivRec)
     >
     > test_check("BivRec")
     [1] "Fitting model with covariates: a1, a2"
     [1] "Estimating standard errors"
     Estimates SE z Pr(>|z|)
     xij a1 0.81475 0.16344 4.9849 < 2e-16 ***
     xij a2 0.51869 0.29620 1.7511 0.03996 *
     yij a1 0.63551 0.29230 2.1741 0.01485 *
     yij a2 -0.70054 0.55914 -1.2529 0.10512
     ---
     Signif. codes: 0 '***' 0.001 '**' 0.01 '*' 0.05 '.' 0.1 ' ' 1
     [1] "Estimating joint CDF and marginal survival"
     [1] "Estimating conditional cdf with 90% confidence interval using 100 bootstrap samples"
     -- 1. Error: np check (@test.sample_size_1.R#31) ------------------------------
     Data not cleaned. All episodes provided are censored (all d2=0).
     Backtrace:
     1. BivRec::bivrecNP(...)
     3. base::with.default(...)
     4. [ base::eval(...) ] with 1 more call
     6. BivRec::bivrecSurv(id, epi, xij, yij, d1, d2)
    
     == testthat results ===========================================================
     [ OK: 15 | SKIPPED: 0 | WARNINGS: 0 | FAILED: 1 ]
     1. Error: np check (@test.sample_size_1.R#31)
    
     Error: testthat unit tests failed
     Execution halted
Flavor: r-oldrel-windows-ix86+x86_64