CRAN Package Check Results for Package BivRec

Last updated on 2019-09-17 22:48:02 CEST.

Flavor Version Tinstall Tcheck Ttotal Status Flags
r-devel-linux-x86_64-debian-clang 1.0.0 10.39 63.86 74.25 OK
r-devel-linux-x86_64-debian-gcc 1.0.0 8.65 49.66 58.31 OK
r-devel-linux-x86_64-fedora-clang 1.0.0 90.30 NOTE
r-devel-linux-x86_64-fedora-gcc 1.0.0 88.36 NOTE
r-devel-windows-ix86+x86_64 1.0.0 30.00 88.00 118.00 OK
r-patched-linux-x86_64 1.0.0 8.95 63.50 72.45 OK
r-patched-solaris-x86 1.0.0 129.10 NOTE
r-release-linux-x86_64 1.0.0 8.61 62.35 70.96 OK
r-release-windows-ix86+x86_64 1.0.0 21.00 89.00 110.00 OK
r-release-osx-x86_64 1.0.0 NOTE
r-oldrel-windows-ix86+x86_64 1.0.0 23.00 86.00 109.00 OK
r-oldrel-osx-x86_64 1.0.0 NOTE

Check Details

Version: 1.0.0
Check: dependencies in R code
Result: NOTE
    Namespaces in Imports field not imported from:
     ‘Rcpp’ ‘knitr’ ‘rmarkdown’
     All declared Imports should be used.
Flavors: r-devel-linux-x86_64-fedora-clang, r-devel-linux-x86_64-fedora-gcc, r-patched-solaris-x86, r-release-osx-x86_64, r-oldrel-osx-x86_64