CRAN Package Check Results for Package BlockCov

Last updated on 2021-06-17 22:54:48 CEST.

Flavor Version Tinstall Tcheck Ttotal Status Flags
r-devel-linux-x86_64-debian-clang 0.1.1 8.71 97.24 105.95 NOTE
r-devel-linux-x86_64-debian-gcc 0.1.1 7.69 73.25 80.94 NOTE
r-devel-linux-x86_64-fedora-clang 0.1.1 134.94 NOTE
r-devel-linux-x86_64-fedora-gcc 0.1.1 123.44 NOTE
r-devel-windows-x86_64 0.1.1 15.00 124.00 139.00 NOTE
r-devel-windows-x86_64-gcc10-UCRT 0.1.1 NOTE
r-patched-linux-x86_64 0.1.1 8.43 91.83 100.26 NOTE
r-patched-solaris-x86 0.1.1 187.80 NOTE
r-release-linux-x86_64 0.1.1 7.47 92.12 99.59 NOTE
r-release-macos-arm64 0.1.1 NOTE
r-release-macos-x86_64 0.1.1 NOTE
r-release-windows-ix86+x86_64 0.1.1 21.00 121.00 142.00 NOTE
r-oldrel-macos-x86_64 0.1.1 OK
r-oldrel-windows-ix86+x86_64 0.1.1 14.00 105.00 119.00 OK

Check Details

Version: 0.1.1
Check: LazyData
Result: NOTE
     'LazyData' is specified without a 'data' directory
Flavors: r-devel-linux-x86_64-debian-clang, r-devel-linux-x86_64-debian-gcc, r-devel-linux-x86_64-fedora-clang, r-devel-linux-x86_64-fedora-gcc, r-devel-windows-x86_64, r-devel-windows-x86_64-gcc10-UCRT, r-patched-linux-x86_64, r-patched-solaris-x86, r-release-linux-x86_64, r-release-macos-arm64, r-release-macos-x86_64, r-release-windows-ix86+x86_64