CRAN Package Check Results for Package BondValuation

Last updated on 2022-07-05 22:50:17 CEST.

Flavor Version Tinstall Tcheck Ttotal Status Flags
r-devel-linux-x86_64-debian-clang 0.1.1 31.39 65.66 97.05 OK
r-devel-linux-x86_64-debian-gcc 0.1.1 24.32 48.29 72.61 OK
r-devel-linux-x86_64-fedora-clang 0.1.1 130.05 OK
r-devel-linux-x86_64-fedora-gcc 0.1.1 124.27 OK
r-devel-windows-x86_64 0.1.1 35.00 106.00 141.00 OK
r-patched-linux-x86_64 0.1.1 30.71 62.71 93.42 OK
r-release-linux-x86_64 0.1.1 29.51 62.40 91.91 OK
r-release-macos-arm64 0.1.1 34.00 ERROR
r-release-macos-x86_64 0.1.1 47.00 OK
r-release-windows-x86_64 0.1.1 54.00 106.00 160.00 OK
r-oldrel-macos-arm64 0.1.1 36.00 ERROR
r-oldrel-macos-x86_64 0.1.1 48.00 OK
r-oldrel-windows-ix86+x86_64 0.1.1 63.00 125.00 188.00 OK

Check Details

Version: 0.1.1
Check: examples
Result: ERROR
    Running examples in ‘BondValuation-Ex.R’ failed
    The error most likely occurred in:
    
    > ### Name: AnnivDates
    > ### Title: AnnivDates (time-invariant properties and temporal structure)
    > ### Aliases: AnnivDates
    >
    > ### ** Examples
    >
    > data(SomeBonds2016)
    >
    > # Applying the function AnnivDates to the data frame SomeBonds2016.
    > system.time(
    + FullAnalysis<-apply(SomeBonds2016[,c('Issue.Date','Mat.Date','CpY.Input','FIPD.Input',
    + 'LIPD.Input','FIAD.Input','RV.Input','Coup.Input','DCC.Input','EOM.Input')],1,function(y)
    + AnnivDates(y[1],y[2],y[3],y[4],y[5],y[6],y[7],y[8],y[9],y[10],RegCF.equal=1)),
    + gcFirst = TRUE)
    Warning in InputFormatCheck(Em = Em, Mat = Mat, CpY = CpY, FIPD = FIPD, :
     The issue date (Em) is supplied as a string of class "character" in the format "yyyy-mm-dd". It is converted to class "Date" using the command "as.Date(Em,"%Y-%m-%d")" and processed as Em = 2016-03-24 .
    Warning in InputFormatCheck(Em = Em, Mat = Mat, CpY = CpY, FIPD = FIPD, :
     The maturity date (Mat) is supplied as a string of class "character" in the format "yyyy-mm-dd". It is converted to class "Date" using the command "as.Date(Mat,"%Y-%m-%d")" and processed as Mat = 2023-04-01 .
    Warning in InputFormatCheck(Em = Em, Mat = Mat, CpY = CpY, FIPD = FIPD, :
     The first interest payment date (FIPD) is supplied as a string of class "character" in the format "yyyy-mm-dd". It is converted to class "Date" using the command "as.Date(FIPD,"%Y-%m-%d")" and processed as FIPD = 2016-10-01 .
    Warning in InputFormatCheck(Em = Em, Mat = Mat, CpY = CpY, FIPD = FIPD, :
     The last interest payment date (LIPD) is supplied as a string of class "character" in the format "yyyy-mm-dd". It is converted to class "Date" using the command "as.Date(LIPD,"%Y-%m-%d")" and processed as LIPD = 2022-10-01 .
    Warning in InputFormatCheck(Em = Em, Mat = Mat, CpY = CpY, FIPD = FIPD, :
     The first interest accrual date (FIAD) is supplied as a string of class "character" in the format "yyyy-mm-dd". It is converted to class "Date" using the command "as.Date(FIAD,"%Y-%m-%d")" and processed as FIAD = 2016-03-24 .
    Warning in InputFormatCheck(Em = Em, Mat = Mat, CpY = CpY, FIPD = FIPD, :
     The number of interest payments per year (CpY) is supplied as a number of class "character".
     Its conversion to class numeric results in CpY = 12 .
    Warning in InputFormatCheck(Em = Em, Mat = Mat, CpY = CpY, FIPD = FIPD, :
     The redemption value (RV) is supplied as a number of class "character".
     Its conversion to class numeric results in RV = 100 .
    Warning in InputFormatCheck(Em = Em, Mat = Mat, CpY = CpY, FIPD = FIPD, :
     The nominal interest rate p.a. (Coup) is supplied as a number of class "character".
     Its conversion to class numeric results in Coup = 5.02 .
    Warning in InputFormatCheck(Em = Em, Mat = Mat, CpY = CpY, FIPD = FIPD, :
     The day count convention identifier (DCC) is supplied as a number of class "character".
     Its conversion to class numeric results in DCC = 14 .
    Warning in InputFormatCheck(Em = Em, Mat = Mat, CpY = CpY, FIPD = FIPD, :
     The End-of-Month rule boolean (EOM) is supplied as a number of class "character".
     Its conversion to class numeric results in EOM = 1 .
    Warning in AnnivDates(y[1], y[2], y[3], y[4], y[5], y[6], y[7], y[8], y[9], :
     The provided EOM = 1 conflicts with one or several provided calendar dates.
     EOM is set 0 .
    Error in if (index_LIPD >= 1) { : argument is of length zero
    Calls: system.time -> apply -> FUN -> AnnivDates
    Timing stopped at: 0.01 0.001 0.013
    Execution halted
Flavor: r-release-macos-arm64

Version: 0.1.1
Check: examples
Result: ERROR
    Running examples in ‘BondValuation-Ex.R’ failed
    The error most likely occurred in:
    
    > ### Name: AnnivDates
    > ### Title: AnnivDates (time-invariant properties and temporal structure)
    > ### Aliases: AnnivDates
    >
    > ### ** Examples
    >
    > data(SomeBonds2016)
    >
    > # Applying the function AnnivDates to the data frame SomeBonds2016.
    > system.time(
    + FullAnalysis<-apply(SomeBonds2016[,c('Issue.Date','Mat.Date','CpY.Input','FIPD.Input',
    + 'LIPD.Input','FIAD.Input','RV.Input','Coup.Input','DCC.Input','EOM.Input')],1,function(y)
    + AnnivDates(y[1],y[2],y[3],y[4],y[5],y[6],y[7],y[8],y[9],y[10],RegCF.equal=1)),
    + gcFirst = TRUE)
    Warning in InputFormatCheck(Em = Em, Mat = Mat, CpY = CpY, FIPD = FIPD, :
     The issue date (Em) is supplied as a string of class "character" in the format "yyyy-mm-dd". It is converted to class "Date" using the command "as.Date(Em,"%Y-%m-%d")" and processed as Em = 2016-03-24 .
    Warning in InputFormatCheck(Em = Em, Mat = Mat, CpY = CpY, FIPD = FIPD, :
     The maturity date (Mat) is supplied as a string of class "character" in the format "yyyy-mm-dd". It is converted to class "Date" using the command "as.Date(Mat,"%Y-%m-%d")" and processed as Mat = 2023-04-01 .
    Warning in InputFormatCheck(Em = Em, Mat = Mat, CpY = CpY, FIPD = FIPD, :
     The first interest payment date (FIPD) is supplied as a string of class "character" in the format "yyyy-mm-dd". It is converted to class "Date" using the command "as.Date(FIPD,"%Y-%m-%d")" and processed as FIPD = 2016-10-01 .
    Warning in InputFormatCheck(Em = Em, Mat = Mat, CpY = CpY, FIPD = FIPD, :
     The last interest payment date (LIPD) is supplied as a string of class "character" in the format "yyyy-mm-dd". It is converted to class "Date" using the command "as.Date(LIPD,"%Y-%m-%d")" and processed as LIPD = 2022-10-01 .
    Warning in InputFormatCheck(Em = Em, Mat = Mat, CpY = CpY, FIPD = FIPD, :
     The first interest accrual date (FIAD) is supplied as a string of class "character" in the format "yyyy-mm-dd". It is converted to class "Date" using the command "as.Date(FIAD,"%Y-%m-%d")" and processed as FIAD = 2016-03-24 .
    Warning in InputFormatCheck(Em = Em, Mat = Mat, CpY = CpY, FIPD = FIPD, :
     The number of interest payments per year (CpY) is supplied as a number of class "character".
     Its conversion to class numeric results in CpY = 12 .
    Warning in InputFormatCheck(Em = Em, Mat = Mat, CpY = CpY, FIPD = FIPD, :
     The redemption value (RV) is supplied as a number of class "character".
     Its conversion to class numeric results in RV = 100 .
    Warning in InputFormatCheck(Em = Em, Mat = Mat, CpY = CpY, FIPD = FIPD, :
     The nominal interest rate p.a. (Coup) is supplied as a number of class "character".
     Its conversion to class numeric results in Coup = 5.02 .
    Warning in InputFormatCheck(Em = Em, Mat = Mat, CpY = CpY, FIPD = FIPD, :
     The day count convention identifier (DCC) is supplied as a number of class "character".
     Its conversion to class numeric results in DCC = 14 .
    Warning in InputFormatCheck(Em = Em, Mat = Mat, CpY = CpY, FIPD = FIPD, :
     The End-of-Month rule boolean (EOM) is supplied as a number of class "character".
     Its conversion to class numeric results in EOM = 1 .
    Warning in AnnivDates(y[1], y[2], y[3], y[4], y[5], y[6], y[7], y[8], y[9], :
     The provided EOM = 1 conflicts with one or several provided calendar dates.
     EOM is set 0 .
    Error in if (index_LIPD >= 1) { : argument is of length zero
    Calls: system.time -> apply -> FUN -> AnnivDates
    Timing stopped at: 0.009 0.001 0.011
    Execution halted
Flavor: r-oldrel-macos-arm64