CRAN Package Check Results for Package Boptbd

Last updated on 2025-01-22 22:51:16 CET.

Flavor Version Tinstall Tcheck Ttotal Status Flags
r-devel-linux-x86_64-debian-clang 1.0.5 8.21 62.70 70.91 NOTE
r-devel-linux-x86_64-debian-gcc 1.0.5 6.21 46.20 52.41 NOTE
r-devel-linux-x86_64-fedora-clang 1.0.5 116.25 OK
r-devel-linux-x86_64-fedora-gcc 1.0.5 109.11 OK
r-devel-windows-x86_64 1.0.5 9.00 73.00 82.00 NOTE
r-patched-linux-x86_64 1.0.5 11.77 58.53 70.30 OK
r-release-linux-x86_64 1.0.5 8.16 57.64 65.80 OK
r-release-macos-arm64 1.0.5 40.00 OK
r-release-macos-x86_64 1.0.5 63.00 OK
r-release-windows-x86_64 1.0.5 8.00 72.00 80.00 OK
r-oldrel-macos-arm64 1.0.5 41.00 OK
r-oldrel-macos-x86_64 1.0.5 66.00 OK
r-oldrel-windows-x86_64 1.0.5 11.00 86.00 97.00 OK

Check Details

Version: 1.0.5
Check: Rd cross-references
Result: NOTE Found the following Rd file(s) with Rd \link{} targets missing package anchors: graphoptBbd.Rd: igraph Please provide package anchors for all Rd \link{} targets not in the package itself and the base packages. Flavors: r-devel-linux-x86_64-debian-clang, r-devel-linux-x86_64-debian-gcc, r-devel-windows-x86_64