CRAN Package Check Results for Package CADStat

Last updated on 2021-10-16 22:52:47 CEST.

Flavor Version Tinstall Tcheck Ttotal Status Flags
r-devel-linux-x86_64-debian-clang 3.0.8 18.98 131.14 150.12 NOTE
r-devel-linux-x86_64-debian-gcc 3.0.8 15.05 99.98 115.03 NOTE
r-devel-linux-x86_64-fedora-clang 3.0.8 196.40 NOTE
r-devel-linux-x86_64-fedora-gcc 3.0.8 178.94 NOTE
r-devel-windows-x86_64 3.0.8 42.00 131.00 173.00 NOTE
r-devel-windows-x86_64-gcc10-UCRT 3.0.8 NOTE
r-patched-linux-x86_64 3.0.8 17.08 127.02 144.10 NOTE
r-patched-solaris-x86 3.0.8 283.40 NOTE
r-release-linux-x86_64 3.0.8 16.77 127.07 143.84 NOTE
r-release-macos-arm64 3.0.8 NOTE
r-release-macos-x86_64 3.0.8 NOTE
r-release-windows-ix86+x86_64 3.0.8 37.00 144.00 181.00 NOTE
r-oldrel-macos-x86_64 3.0.8 OK
r-oldrel-windows-ix86+x86_64 3.0.8 38.00 150.00 188.00 OK

Check Details

Version: 3.0.8
Check: LazyData
Result: NOTE
     'LazyData' is specified without a 'data' directory
Flavors: r-devel-linux-x86_64-debian-clang, r-devel-linux-x86_64-debian-gcc, r-devel-linux-x86_64-fedora-clang, r-devel-linux-x86_64-fedora-gcc, r-devel-windows-x86_64, r-devel-windows-x86_64-gcc10-UCRT, r-patched-linux-x86_64, r-patched-solaris-x86, r-release-linux-x86_64, r-release-macos-arm64, r-release-macos-x86_64, r-release-windows-ix86+x86_64