CRAN Package Check Results for Package CAISEr

Last updated on 2021-11-29 22:59:06 CET.

Flavor Version Tinstall Tcheck Ttotal Status Flags
r-devel-linux-x86_64-debian-clang 1.0.16 4.21 119.92 124.13 NOTE
r-devel-linux-x86_64-debian-gcc 1.0.16 2.33 92.28 94.61 NOTE
r-devel-linux-x86_64-fedora-clang 1.0.16 159.38 NOTE
r-devel-linux-x86_64-fedora-gcc 1.0.16 154.95 NOTE
r-devel-windows-x86_64-new-UL 1.0.16 12.00 213.00 225.00 NOTE
r-devel-windows-x86_64-new-TK 1.0.16 NOTE
r-devel-windows-x86_64-old 1.0.16 6.00 153.00 159.00 NOTE
r-patched-linux-x86_64 1.0.16 5.01 57.07 62.08 NOTE
r-patched-solaris-x86 1.0.16 89.10 NOTE
r-release-linux-x86_64 1.0.16 3.90 61.73 65.63 NOTE
r-release-macos-arm64 1.0.16 NOTE
r-release-macos-x86_64 1.0.16 NOTE
r-release-windows-ix86+x86_64 1.0.16 8.00 84.00 92.00 NOTE
r-oldrel-macos-x86_64 1.0.16 OK
r-oldrel-windows-ix86+x86_64 1.0.16 6.00 71.00 77.00 OK

Check Details

Version: 1.0.16
Check: LazyData
Result: NOTE
     'LazyData' is specified without a 'data' directory
Flavors: r-devel-linux-x86_64-debian-clang, r-devel-linux-x86_64-debian-gcc, r-devel-linux-x86_64-fedora-clang, r-devel-linux-x86_64-fedora-gcc, r-devel-windows-x86_64-new-UL, r-devel-windows-x86_64-new-TK, r-devel-windows-x86_64-old, r-patched-linux-x86_64, r-patched-solaris-x86, r-release-linux-x86_64, r-release-macos-arm64, r-release-macos-x86_64, r-release-windows-ix86+x86_64