CRAN Package Check Results for Package CARBayesST

Last updated on 2021-08-04 22:55:06 CEST.

Flavor Version Tinstall Tcheck Ttotal Status Flags
r-devel-linux-x86_64-debian-clang 3.2.1 107.75 312.34 420.09 OK
r-devel-linux-x86_64-debian-gcc 3.2.1 76.59 230.84 307.43 OK
r-devel-linux-x86_64-fedora-clang 3.2.1 515.20 NOTE
r-devel-linux-x86_64-fedora-gcc 3.2.1 491.35 OK
r-devel-windows-x86_64 3.2.1 81.00 303.00 384.00 OK
r-devel-windows-x86_64-gcc10-UCRT 3.2.1 OK
r-patched-linux-x86_64 3.2.1 70.12 292.73 362.85 OK
r-patched-solaris-x86 3.2.1 587.70 OK
r-release-linux-x86_64 3.2.1 69.85 295.90 365.75 OK
r-release-macos-arm64 3.2.1 NOTE
r-release-macos-x86_64 3.2.1 NOTE
r-release-windows-ix86+x86_64 3.2.1 179.00 305.00 484.00 OK
r-oldrel-macos-x86_64 3.2.1 NOTE
r-oldrel-windows-ix86+x86_64 3.2.1 125.00 426.00 551.00 OK

Check Details

Version: 3.2.1
Check: installed package size
Result: NOTE
     installed size is 7.8Mb
     sub-directories of 1Mb or more:
     libs 6.2Mb
Flavors: r-devel-linux-x86_64-fedora-clang, r-release-macos-arm64, r-release-macos-x86_64, r-oldrel-macos-x86_64