CRAN Package Check Results for Package CARBayesST

Last updated on 2021-12-05 22:48:47 CET.

Flavor Version Tinstall Tcheck Ttotal Status Flags
r-devel-linux-x86_64-debian-clang 3.2.1 110.38 469.36 579.74 OK
r-devel-linux-x86_64-debian-gcc 3.2.1 88.70 356.80 445.50 OK
r-devel-linux-x86_64-fedora-clang 3.2.1 745.88 NOTE
r-devel-linux-x86_64-fedora-gcc 3.2.1 754.48 OK
r-devel-windows-x86_64-new-UL 3.2.1 137.00 552.00 689.00 OK
r-devel-windows-x86_64-new-TK 3.2.1 OK
r-devel-windows-x86_64-old 3.2.1 143.00 394.00 537.00 OK
r-patched-linux-x86_64 3.2.1 99.07 461.74 560.81 OK
r-release-linux-x86_64 3.2.1 96.43 464.69 561.12 OK
r-release-macos-arm64 3.2.1 NOTE
r-release-macos-x86_64 3.2.1 NOTE
r-release-windows-ix86+x86_64 3.2.1 223.00 682.00 905.00 OK
r-oldrel-macos-x86_64 3.2.1 NOTE
r-oldrel-windows-ix86+x86_64 3.2.1 228.00 704.00 932.00 OK

Check Details

Version: 3.2.1
Check: installed package size
Result: NOTE
     installed size is 8.2Mb
     sub-directories of 1Mb or more:
     libs 6.6Mb
Flavors: r-devel-linux-x86_64-fedora-clang, r-release-macos-arm64, r-release-macos-x86_64, r-oldrel-macos-x86_64