CRAN Package Check Results for Package CARBayesdata

Last updated on 2024-07-18 22:49:50 CEST.

Flavor Version Tinstall Tcheck Ttotal Status Flags
r-devel-linux-x86_64-debian-clang 3.0 2.44 28.95 31.39 OK
r-devel-linux-x86_64-debian-gcc 3.0 2.47 21.74 24.21 OK
r-devel-linux-x86_64-fedora-clang 3.0 39.93 NOTE
r-devel-linux-x86_64-fedora-gcc 3.0 37.97 NOTE
r-devel-windows-x86_64 3.0 3.00 45.00 48.00 OK
r-patched-linux-x86_64 3.0 2.92 27.94 30.86 OK
r-release-linux-x86_64 3.0 3.20 28.28 31.48 OK
r-release-macos-arm64 3.0 17.00 OK
r-release-macos-x86_64 3.0 25.00 OK
r-release-windows-x86_64 3.0 4.00 46.00 50.00 OK
r-oldrel-macos-arm64 3.0 19.00 OK
r-oldrel-macos-x86_64 3.0 28.00 OK
r-oldrel-windows-x86_64 3.0 5.00 45.00 50.00 OK

Check Details

Version: 3.0
Check: data for non-ASCII characters
Result: NOTE Note: found 1 marked UTF-8 string Flavors: r-devel-linux-x86_64-fedora-clang, r-devel-linux-x86_64-fedora-gcc