Last updated on 2024-04-19 22:55:40 CEST.
Flavor | Version | Tinstall | Tcheck | Ttotal | Status | Flags |
---|---|---|---|---|---|---|
r-devel-linux-x86_64-debian-clang | 0.1.1 | 203.22 | 168.17 | 371.39 | NOTE | |
r-devel-linux-x86_64-debian-gcc | 0.1.1 | NOTE | ||||
r-devel-linux-x86_64-fedora-clang | 0.1.1 | 447.42 | NOTE | |||
r-devel-linux-x86_64-fedora-gcc | 0.1.1 | 527.18 | NOTE | |||
r-prerel-macos-arm64 | 0.1.1 | 106.00 | NOTE | |||
r-prerel-windows-x86_64 | 0.1.1 | 148.00 | 144.00 | 292.00 | NOTE | |
r-patched-linux-x86_64 | 0.1.1 | 129.86 | 170.95 | 300.81 | NOTE | |
r-release-linux-x86_64 | 0.1.1 | 196.97 | 171.27 | 368.24 | NOTE | |
r-release-macos-arm64 | 0.1.1 | 99.00 | NOTE | |||
r-release-macos-x86_64 | 0.1.1 | 171.00 | NOTE | |||
r-release-windows-x86_64 | 0.1.1 | 187.00 | 183.00 | 370.00 | NOTE | |
r-oldrel-macos-arm64 | 0.1.1 | 92.00 | NOTE | |||
r-oldrel-windows-x86_64 | 0.1.1 | 176.00 | 177.00 | 353.00 | NOTE |
Version: 0.1.1
Check: for GNU extensions in Makefiles
Result: NOTE
GNU make is a SystemRequirements.
Flavors: r-devel-linux-x86_64-debian-clang, r-devel-linux-x86_64-debian-gcc, r-devel-linux-x86_64-fedora-clang, r-devel-linux-x86_64-fedora-gcc, r-prerel-macos-arm64, r-prerel-windows-x86_64, r-patched-linux-x86_64, r-release-linux-x86_64, r-release-macos-arm64, r-release-macos-x86_64, r-release-windows-x86_64, r-oldrel-macos-arm64, r-oldrel-windows-x86_64
Version: 0.1.1
Check: dependencies in R code
Result: NOTE
Namespace in Imports field not imported from: ‘rstantools’
All declared Imports should be used.
Flavors: r-devel-linux-x86_64-fedora-clang, r-devel-linux-x86_64-fedora-gcc
Version: 0.1.1
Check: installed package size
Result: NOTE
installed size is 49.0Mb
sub-directories of 1Mb or more:
libs 48.8Mb
Flavors: r-prerel-macos-arm64, r-release-macos-arm64, r-release-macos-x86_64, r-oldrel-macos-arm64