Last updated on 2023-09-25 22:12:34 CEST.
Flavor | Version | Tinstall | Tcheck | Ttotal | Status | Flags |
---|---|---|---|---|---|---|
r-devel-linux-x86_64-debian-clang | 0.1.2 | 329.67 | 130.49 | 460.16 | NOTE | |
r-devel-linux-x86_64-debian-gcc | 0.1.2 | 223.43 | 97.29 | 320.72 | NOTE | |
r-devel-linux-x86_64-fedora-clang | 0.1.2 | 668.36 | NOTE | |||
r-devel-linux-x86_64-fedora-gcc | 0.1.2 | 719.99 | NOTE | |||
r-devel-windows-x86_64 | 0.1.2 | 230.00 | 141.00 | 371.00 | NOTE | |
r-patched-linux-x86_64 | 0.1.2 | 222.11 | 123.61 | 345.72 | NOTE | |
r-release-linux-x86_64 | 0.1.2 | 227.12 | 124.22 | 351.34 | NOTE | |
r-release-macos-arm64 | 0.1.2 | 157.00 | NOTE | |||
r-release-macos-x86_64 | 0.1.2 | 247.00 | NOTE | |||
r-release-windows-x86_64 | 0.1.2 | 313.00 | 165.00 | 478.00 | NOTE | |
r-oldrel-macos-arm64 | 0.1.2 | 130.00 | NOTE | |||
r-oldrel-macos-x86_64 | 0.1.2 | 215.00 | NOTE | |||
r-oldrel-windows-x86_64 | 0.1.2 | 295.00 | 155.00 | 450.00 | OK |
Version: 0.1.2
Check: C++ specification
Result: NOTE
Specified C++11: please drop specification unless essential
Flavors: r-devel-linux-x86_64-debian-clang, r-devel-linux-x86_64-debian-gcc, r-devel-linux-x86_64-fedora-clang, r-devel-linux-x86_64-fedora-gcc, r-devel-windows-x86_64, r-patched-linux-x86_64, r-release-linux-x86_64, r-release-macos-arm64, r-release-macos-x86_64, r-release-windows-x86_64
Version: 0.1.2
Check: installed package size
Result: NOTE
installed size is 10.1Mb
sub-directories of 1Mb or more:
libs 9.8Mb
Flavors: r-release-macos-arm64, r-release-macos-x86_64, r-oldrel-macos-arm64, r-oldrel-macos-x86_64