Last updated on 2024-03-28 23:01:40 CET.
Flavor | Version | Tinstall | Tcheck | Ttotal | Status | Flags |
---|---|---|---|---|---|---|
r-devel-linux-x86_64-debian-clang | 0.6.1 | 63.58 | 43.00 | 106.58 | NOTE | |
r-devel-linux-x86_64-debian-gcc | 0.6.1 | 53.18 | 32.95 | 86.13 | NOTE | |
r-devel-linux-x86_64-fedora-clang | 0.6.1 | 179.57 | NOTE | |||
r-devel-linux-x86_64-fedora-gcc | 0.6.1 | 162.90 | NOTE | |||
r-devel-windows-x86_64 | 0.6.1 | 59.00 | 87.00 | 146.00 | NOTE | |
r-patched-linux-x86_64 | 0.6.1 | 69.27 | 41.55 | 110.82 | NOTE | |
r-release-linux-x86_64 | 0.6.1 | 67.81 | 40.47 | 108.28 | NOTE | |
r-release-macos-arm64 | 0.6.1 | 48.00 | NOTE | |||
r-release-macos-x86_64 | 0.6.1 | 86.00 | NOTE | |||
r-release-windows-x86_64 | 0.6.1 | 59.00 | 94.00 | 153.00 | NOTE | |
r-oldrel-macos-arm64 | 0.6.1 | 40.00 | NOTE | |||
r-oldrel-windows-x86_64 | 0.6.1 | 75.00 | 80.00 | 155.00 | NOTE |
Version: 0.6.1
Check: C++ specification
Result: NOTE
Specified C++11: please drop specification unless essential
Flavors: r-devel-linux-x86_64-debian-clang, r-devel-linux-x86_64-debian-gcc, r-devel-linux-x86_64-fedora-clang, r-devel-linux-x86_64-fedora-gcc, r-devel-windows-x86_64, r-patched-linux-x86_64, r-release-linux-x86_64, r-release-macos-arm64, r-release-macos-x86_64, r-release-windows-x86_64
Version: 0.6.1
Check: LazyData
Result: NOTE
'LazyData' is specified without a 'data' directory
Flavors: r-devel-linux-x86_64-debian-clang, r-devel-linux-x86_64-debian-gcc, r-devel-linux-x86_64-fedora-clang, r-devel-linux-x86_64-fedora-gcc, r-devel-windows-x86_64, r-patched-linux-x86_64, r-release-linux-x86_64, r-release-macos-arm64, r-release-macos-x86_64, r-release-windows-x86_64, r-oldrel-macos-arm64, r-oldrel-windows-x86_64
Version: 0.6.1
Check: installed package size
Result: NOTE
installed size is 5.8Mb
sub-directories of 1Mb or more:
libs 5.1Mb
Flavors: r-release-macos-arm64, r-release-macos-x86_64, r-oldrel-macos-arm64