CRAN Package Check Results for Package CASMAP

Last updated on 2021-12-06 21:51:09 CET.

Flavor Version Tinstall Tcheck Ttotal Status Flags
r-devel-linux-x86_64-debian-clang 0.6.1 55.01 34.58 89.59 NOTE
r-devel-linux-x86_64-debian-gcc 0.6.1 41.62 34.01 75.63 NOTE
r-devel-linux-x86_64-fedora-clang 0.6.1 168.56 NOTE
r-devel-linux-x86_64-fedora-gcc 0.6.1 133.37 NOTE
r-devel-windows-x86_64-new-UL 0.6.1 110.00 110.00 220.00 NOTE
r-devel-windows-x86_64-new-TK 0.6.1 NOTE
r-devel-windows-x86_64-old 0.6.1 81.00 51.00 132.00 NOTE
r-patched-linux-x86_64 0.6.1 51.93 33.63 85.56 NOTE
r-release-linux-x86_64 0.6.1 51.21 40.97 92.18 NOTE
r-release-macos-arm64 0.6.1 NOTE
r-release-macos-x86_64 0.6.1 NOTE
r-release-windows-ix86+x86_64 0.6.1 151.00 82.00 233.00 NOTE
r-oldrel-macos-x86_64 0.6.1 NOTE
r-oldrel-windows-ix86+x86_64 0.6.1 156.00 87.00 243.00 OK

Check Details

Version: 0.6.1
Check: LazyData
Result: NOTE
     'LazyData' is specified without a 'data' directory
Flavors: r-devel-linux-x86_64-debian-clang, r-devel-linux-x86_64-debian-gcc, r-devel-linux-x86_64-fedora-clang, r-devel-linux-x86_64-fedora-gcc, r-devel-windows-x86_64-new-UL, r-devel-windows-x86_64-new-TK, r-devel-windows-x86_64-old, r-patched-linux-x86_64, r-release-linux-x86_64, r-release-macos-arm64, r-release-macos-x86_64, r-release-windows-ix86+x86_64

Version: 0.6.1
Check: installed package size
Result: NOTE
     installed size is 6.8Mb
     sub-directories of 1Mb or more:
     libs 6.0Mb
Flavors: r-release-macos-arm64, r-release-macos-x86_64, r-oldrel-macos-x86_64