CRAN Package Check Results for Package CATkit

Last updated on 2021-10-21 22:50:29 CEST.

Flavor Version Tinstall Tcheck Ttotal Status Flags
r-devel-linux-x86_64-debian-clang 3.3.3 19.88 127.80 147.68 NOTE
r-devel-linux-x86_64-debian-gcc 3.3.3 14.56 94.62 109.18 NOTE
r-devel-linux-x86_64-fedora-clang 3.3.3 192.30 NOTE
r-devel-linux-x86_64-fedora-gcc 3.3.3 169.19 NOTE
r-devel-windows-x86_64 3.3.3 31.00 151.00 182.00 NOTE
r-devel-windows-x86_64-gcc10-UCRT 3.3.3 NOTE
r-patched-linux-x86_64 3.3.3 18.52 123.83 142.35 NOTE
r-patched-solaris-x86 3.3.3 241.30 NOTE
r-release-linux-x86_64 3.3.3 15.48 122.46 137.94 NOTE
r-release-macos-arm64 3.3.3 NOTE
r-release-macos-x86_64 3.3.3 NOTE
r-release-windows-ix86+x86_64 3.3.3 44.00 146.00 190.00 NOTE
r-oldrel-macos-x86_64 3.3.3 OK
r-oldrel-windows-ix86+x86_64 3.3.3 39.00 150.00 189.00 OK

Check Details

Version: 3.3.3
Check: LazyData
Result: NOTE
     'LazyData' is specified without a 'data' directory
Flavors: r-devel-linux-x86_64-debian-clang, r-devel-linux-x86_64-debian-gcc, r-devel-linux-x86_64-fedora-clang, r-devel-linux-x86_64-fedora-gcc, r-devel-windows-x86_64, r-devel-windows-x86_64-gcc10-UCRT, r-patched-linux-x86_64, r-patched-solaris-x86, r-release-linux-x86_64, r-release-macos-arm64, r-release-macos-x86_64, r-release-windows-ix86+x86_64