CRAN Package Check Results for Package CHNCapitalStock

Last updated on 2023-10-02 22:07:55 CEST.

Flavor Version Tinstall Tcheck Ttotal Status Flags
r-devel-linux-x86_64-debian-clang 0.1.0 1.57 25.89 27.46 OK
r-devel-linux-x86_64-debian-gcc 0.1.0 1.49 20.09 21.58 OK
r-devel-linux-x86_64-fedora-clang 0.1.0 34.47 NOTE
r-devel-linux-x86_64-fedora-gcc 0.1.0 33.58 NOTE
r-devel-windows-x86_64 0.1.0 3.00 43.00 46.00 OK
r-patched-linux-x86_64 0.1.0 2.37 24.84 27.21 OK
r-release-linux-x86_64 0.1.0 1.50 25.08 26.58 OK
r-release-macos-arm64 0.1.0 17.00 OK
r-release-macos-x86_64 0.1.0 21.00 OK
r-release-windows-x86_64 0.1.0 7.00 42.00 49.00 OK
r-oldrel-macos-arm64 0.1.0 15.00 NOTE
r-oldrel-macos-x86_64 0.1.0 29.00 NOTE
r-oldrel-windows-x86_64 0.1.0 4.00 45.00 49.00 OK

Check Details

Version: 0.1.0
Check: dependencies in R code
Result: NOTE
    Namespace in Imports field not imported from: ‘magrittr’
     All declared Imports should be used.
Flavors: r-devel-linux-x86_64-fedora-clang, r-devel-linux-x86_64-fedora-gcc, r-oldrel-macos-arm64, r-oldrel-macos-x86_64