CRAN Package Check Results for Package CIAAWconsensus

Last updated on 2019-07-17 22:54:26 CEST.

Flavor Version Tinstall Tcheck Ttotal Status Flags
r-devel-linux-x86_64-debian-clang 1.3 2.27 30.17 32.44 OK
r-devel-linux-x86_64-debian-gcc 1.3 1.79 23.86 25.65 OK
r-devel-linux-x86_64-fedora-clang 1.3 38.27 NOTE
r-devel-linux-x86_64-fedora-gcc 1.3 36.80 NOTE
r-devel-windows-ix86+x86_64 1.3 6.00 58.00 64.00 OK
r-patched-linux-x86_64 1.3 2.04 29.79 31.83 OK
r-patched-solaris-x86 1.3 59.40 NOTE
r-release-linux-x86_64 1.3 1.97 29.68 31.65 OK
r-release-windows-ix86+x86_64 1.3 4.00 61.00 65.00 OK
r-release-osx-x86_64 1.3 NOTE
r-oldrel-windows-ix86+x86_64 1.3 3.00 42.00 45.00 OK
r-oldrel-osx-x86_64 1.3 NOTE

Check Details

Version: 1.3
Check: dependencies in R code
Result: NOTE
    Namespaces in Imports field not imported from:
     ‘Matrix’ ‘stringr’
     All declared Imports should be used.
Flavors: r-devel-linux-x86_64-fedora-clang, r-devel-linux-x86_64-fedora-gcc, r-patched-solaris-x86, r-release-osx-x86_64, r-oldrel-osx-x86_64