CRAN Package Check Results for Package CIAAWconsensus

Last updated on 2019-10-16 22:55:54 CEST.

Flavor Version Tinstall Tcheck Ttotal Status Flags
r-devel-linux-x86_64-debian-clang 1.3 2.21 29.58 31.79 OK
r-devel-linux-x86_64-debian-gcc 1.3 1.74 23.35 25.09 OK
r-devel-linux-x86_64-fedora-clang 1.3 39.65 NOTE
r-devel-linux-x86_64-fedora-gcc 1.3 37.80 NOTE
r-devel-windows-ix86+x86_64 1.3 7.00 43.00 50.00 OK
r-patched-linux-x86_64 1.3 1.98 29.34 31.32 OK
r-patched-solaris-x86 1.3 59.00 NOTE
r-release-linux-x86_64 1.3 2.18 29.34 31.52 OK
r-release-windows-ix86+x86_64 1.3 4.00 44.00 48.00 OK
r-release-osx-x86_64 1.3 NOTE
r-oldrel-windows-ix86+x86_64 1.3 3.00 40.00 43.00 OK
r-oldrel-osx-x86_64 1.3 NOTE

Check Details

Version: 1.3
Check: dependencies in R code
Result: NOTE
    Namespaces in Imports field not imported from:
     ‘Matrix’ ‘stringr’
     All declared Imports should be used.
Flavors: r-devel-linux-x86_64-fedora-clang, r-devel-linux-x86_64-fedora-gcc, r-patched-solaris-x86, r-release-osx-x86_64, r-oldrel-osx-x86_64