Last updated on 2024-03-28 23:01:40 CET.
Flavor | Version | Tinstall | Tcheck | Ttotal | Status | Flags |
---|---|---|---|---|---|---|
r-devel-linux-x86_64-debian-clang | 0.1.1 | 4.69 | 148.40 | 153.09 | NOTE | |
r-devel-linux-x86_64-debian-gcc | 0.1.1 | 3.14 | 101.17 | 104.31 | NOTE | |
r-devel-linux-x86_64-fedora-clang | 0.1.1 | 186.50 | NOTE | |||
r-devel-linux-x86_64-fedora-gcc | 0.1.1 | 192.49 | NOTE | |||
r-devel-windows-x86_64 | 0.1.1 | 5.00 | 129.00 | 134.00 | NOTE | |
r-patched-linux-x86_64 | 0.1.1 | 2.89 | 140.53 | 143.42 | NOTE | |
r-release-linux-x86_64 | 0.1.1 | 2.44 | 136.40 | 138.84 | NOTE | |
r-release-macos-arm64 | 0.1.1 | 49.00 | NOTE | |||
r-release-macos-x86_64 | 0.1.1 | 90.00 | NOTE | |||
r-release-windows-x86_64 | 0.1.1 | 6.00 | 149.00 | 155.00 | NOTE | |
r-oldrel-macos-arm64 | 0.1.1 | 41.00 | NOTE | |||
r-oldrel-windows-x86_64 | 0.1.1 | 6.00 | 152.00 | 158.00 | NOTE |
Version: 0.1.1
Check: LazyData
Result: NOTE
'LazyData' is specified without a 'data' directory
Flavors: r-devel-linux-x86_64-debian-clang, r-devel-linux-x86_64-debian-gcc, r-devel-linux-x86_64-fedora-clang, r-devel-linux-x86_64-fedora-gcc, r-devel-windows-x86_64, r-patched-linux-x86_64, r-release-linux-x86_64, r-release-macos-arm64, r-release-macos-x86_64, r-release-windows-x86_64, r-oldrel-macos-arm64, r-oldrel-windows-x86_64