CRAN Package Check Results for Package CLVTools

Last updated on 2021-07-25 23:00:08 CEST.

Flavor Version Tinstall Tcheck Ttotal Status Flags
r-devel-linux-x86_64-debian-clang 0.8.0 142.79 502.08 644.87 OK
r-devel-linux-x86_64-debian-gcc 0.8.0 100.56 507.30 607.86 OK
r-devel-linux-x86_64-fedora-clang 0.8.0 660.08 NOTE
r-devel-linux-x86_64-fedora-gcc 0.8.0 631.67 OK
r-devel-windows-x86_64 0.8.0 181.00 367.00 548.00 OK
r-devel-windows-x86_64-gcc10-UCRT 0.8.0 OK
r-patched-linux-x86_64 0.8.0 115.73 436.12 551.85 OK
r-patched-solaris-x86 0.8.0 572.50 OK
r-release-linux-x86_64 0.8.0 111.89 425.40 537.29 OK
r-release-macos-arm64 0.8.0 NOTE
r-release-macos-x86_64 0.8.0 NOTE
r-release-windows-ix86+x86_64 0.8.0 324.00 553.00 877.00 OK
r-oldrel-macos-x86_64 0.8.0 NOTE
r-oldrel-windows-ix86+x86_64 0.8.0 238.00 568.00 806.00 OK

Check Details

Version: 0.8.0
Check: installed package size
Result: NOTE
     installed size is 8.6Mb
     sub-directories of 1Mb or more:
     libs 7.4Mb
Flavors: r-devel-linux-x86_64-fedora-clang, r-release-macos-arm64, r-release-macos-x86_64, r-oldrel-macos-x86_64