Last updated on 2024-03-28 23:01:41 CET.
Flavor | Version | Tinstall | Tcheck | Ttotal | Status | Flags |
---|---|---|---|---|---|---|
r-devel-linux-x86_64-debian-clang | 0.1.0 | 11.11 | 111.86 | 122.97 | NOTE | |
r-devel-linux-x86_64-debian-gcc | 0.1.0 | 8.99 | 84.31 | 93.30 | NOTE | |
r-devel-linux-x86_64-fedora-clang | 0.1.0 | 158.20 | NOTE | |||
r-devel-linux-x86_64-fedora-gcc | 0.1.0 | 146.68 | NOTE | |||
r-devel-windows-x86_64 | 0.1.0 | 13.00 | 93.00 | 106.00 | NOTE | |
r-patched-linux-x86_64 | 0.1.0 | 10.13 | 109.46 | 119.59 | NOTE | |
r-release-linux-x86_64 | 0.1.0 | 12.92 | 108.46 | 121.38 | NOTE | |
r-release-macos-arm64 | 0.1.0 | 31.00 | NOTE | |||
r-release-macos-x86_64 | 0.1.0 | 55.00 | NOTE | |||
r-release-windows-x86_64 | 0.1.0 | 14.00 | 115.00 | 129.00 | NOTE | |
r-oldrel-macos-arm64 | 0.1.0 | 32.00 | NOTE | |||
r-oldrel-windows-x86_64 | 0.1.0 | 16.00 | 114.00 | 130.00 | NOTE |
Version: 0.1.0
Check: LazyData
Result: NOTE
'LazyData' is specified without a 'data' directory
Flavors: r-devel-linux-x86_64-debian-clang, r-devel-linux-x86_64-debian-gcc, r-devel-linux-x86_64-fedora-clang, r-devel-linux-x86_64-fedora-gcc, r-devel-windows-x86_64, r-patched-linux-x86_64, r-release-linux-x86_64, r-release-macos-arm64, r-release-macos-x86_64, r-release-windows-x86_64, r-oldrel-macos-arm64, r-oldrel-windows-x86_64