Last updated on 2024-04-28 22:50:48 CEST.
Flavor | Version | Tinstall | Tcheck | Ttotal | Status | Flags |
---|---|---|---|---|---|---|
r-devel-linux-x86_64-debian-clang | 1.4.0 | 48.87 | 521.80 | 570.67 | NOTE | |
r-devel-linux-x86_64-debian-gcc | 1.4.0 | 38.23 | 356.38 | 394.61 | NOTE | |
r-devel-linux-x86_64-fedora-clang | 1.4.0 | 676.70 | NOTE | |||
r-devel-linux-x86_64-fedora-gcc | 1.4.0 | 653.77 | NOTE | |||
r-devel-windows-x86_64 | 1.4.0 | 32.00 | 329.00 | 361.00 | NOTE | |
r-patched-linux-x86_64 | 1.4.0 | 29.78 | 485.30 | 515.08 | NOTE | |
r-release-linux-x86_64 | 1.4.0 | 28.73 | 479.25 | 507.98 | NOTE | |
r-release-macos-arm64 | 1.4.0 | 139.00 | NOTE | |||
r-release-windows-x86_64 | 1.4.0 | 37.00 | 332.00 | 369.00 | NOTE | |
r-oldrel-macos-arm64 | 1.4.0 | 177.00 | OK | |||
r-oldrel-macos-x86_64 | 1.4.0 | 292.00 | OK | |||
r-oldrel-windows-x86_64 | 1.4.0 | 50.00 | 450.00 | 500.00 | OK |
Version: 1.4.0
Check: Rd files
Result: NOTE
checkRd: (-1) ch_tr_sign.Rd:15: Lost braces; missing escapes or markup?
15 | {x} {an array of indices 1, 2, 3}
| ^
checkRd: (-1) ch_tr_signif.Rd:15: Lost braces; missing escapes or markup?
15 | {x} {an array of indices 1 and 2, where 1 is NS and 2 is significant}
| ^
Flavors: r-devel-linux-x86_64-debian-clang, r-devel-linux-x86_64-debian-gcc, r-devel-linux-x86_64-fedora-clang, r-devel-linux-x86_64-fedora-gcc, r-devel-windows-x86_64, r-patched-linux-x86_64, r-release-linux-x86_64, r-release-macos-arm64, r-release-windows-x86_64
Version: 1.4.0
Check: data for non-ASCII characters
Result: NOTE
Note: found 282 marked UTF-8 strings
Flavors: r-devel-linux-x86_64-fedora-clang, r-devel-linux-x86_64-fedora-gcc