Last updated on 2023-09-22 23:04:56 CEST.
Flavor | Version | Tinstall | Tcheck | Ttotal | Status | Flags |
---|---|---|---|---|---|---|
r-devel-linux-x86_64-debian-clang | 2.0.0 | 26.77 | 90.44 | 117.21 | NOTE | |
r-devel-linux-x86_64-debian-gcc | 2.0.0 | 18.41 | 68.51 | 86.92 | NOTE | |
r-devel-linux-x86_64-fedora-clang | 2.0.0 | 149.42 | NOTE | |||
r-devel-linux-x86_64-fedora-gcc | 2.0.0 | 154.33 | NOTE | |||
r-devel-windows-x86_64 | 2.0.0 | 24.00 | 100.00 | 124.00 | NOTE | |
r-patched-linux-x86_64 | 2.0.0 | 24.78 | 86.50 | 111.28 | OK | |
r-release-linux-x86_64 | 2.0.0 | 24.71 | 87.87 | 112.58 | OK | |
r-release-macos-arm64 | 2.0.0 | 47.00 | OK | |||
r-release-macos-x86_64 | 2.0.0 | 74.00 | OK | |||
r-release-windows-x86_64 | 2.0.0 | 32.00 | 111.00 | 143.00 | OK | |
r-oldrel-macos-arm64 | 2.0.0 | 45.00 | OK | |||
r-oldrel-macos-x86_64 | 2.0.0 | 69.00 | OK | |||
r-oldrel-windows-x86_64 | 2.0.0 | 30.00 | 113.00 | 143.00 | OK |
Version: 2.0.0
Check: Rd \usage sections
Result: NOTE
Documented arguments not in \usage in documentation object 'tool':
‘seq’
Functions with \usage entries need to have the appropriate \alias
entries, and all their arguments documented.
The \usage entries must correspond to syntactically valid R code.
See chapter ‘Writing R documentation files’ in the ‘Writing R
Extensions’ manual.
Flavors: r-devel-linux-x86_64-debian-clang, r-devel-linux-x86_64-debian-gcc, r-devel-linux-x86_64-fedora-clang, r-devel-linux-x86_64-fedora-gcc, r-devel-windows-x86_64