Last updated on 2023-09-26 23:04:10 CEST.
Flavor | Version | Tinstall | Tcheck | Ttotal | Status | Flags |
---|---|---|---|---|---|---|
r-devel-linux-x86_64-debian-clang | 1.1.4 | 9.89 | 366.28 | 376.17 | NOTE | |
r-devel-linux-x86_64-debian-gcc | 1.1.4 | 8.00 | 265.28 | 273.28 | NOTE | |
r-devel-linux-x86_64-fedora-clang | 1.1.4 | 450.95 | NOTE | |||
r-devel-linux-x86_64-fedora-gcc | 1.1.4 | 476.17 | NOTE | |||
r-devel-windows-x86_64 | 1.1.4 | 14.00 | 308.00 | 322.00 | NOTE | |
r-patched-linux-x86_64 | 1.1.4 | 15.36 | 368.70 | 384.06 | OK | |
r-release-linux-x86_64 | 1.1.4 | 10.26 | 357.89 | 368.15 | OK | |
r-release-macos-arm64 | 1.1.4 | 111.00 | OK | |||
r-release-macos-x86_64 | 1.1.4 | 231.00 | OK | |||
r-release-windows-x86_64 | 1.1.4 | 14.00 | 401.00 | 415.00 | OK | |
r-oldrel-macos-arm64 | 1.1.4 | 97.00 | OK | |||
r-oldrel-macos-x86_64 | 1.1.4 | 144.00 | OK | |||
r-oldrel-windows-x86_64 | 1.1.4 | 16.00 | 379.00 | 395.00 | OK |
Version: 1.1.4
Check: Rd \usage sections
Result: NOTE
Documented arguments not in \usage in documentation object 'chi2cub2cov':
‘covar’
Documented arguments not in \usage in documentation object 'cubpq':
‘summary’
Documented arguments not in \usage in documentation object 'cubshe':
‘makeplot’ ‘summary’
Documented arguments not in \usage in documentation object 'kkk':
‘Vector’
Functions with \usage entries need to have the appropriate \alias
entries, and all their arguments documented.
The \usage entries must correspond to syntactically valid R code.
See chapter ‘Writing R documentation files’ in the ‘Writing R
Extensions’ manual.
Flavors: r-devel-linux-x86_64-debian-clang, r-devel-linux-x86_64-debian-gcc, r-devel-linux-x86_64-fedora-clang, r-devel-linux-x86_64-fedora-gcc, r-devel-windows-x86_64