CRAN Package Check Results for Package CUFF

Last updated on 2021-08-03 22:53:17 CEST.

Flavor Version Tinstall Tcheck Ttotal Status Flags
r-devel-linux-x86_64-debian-clang 1.7 17.55 143.44 160.99 NOTE
r-devel-linux-x86_64-debian-gcc 1.7 13.70 109.13 122.83 NOTE
r-devel-linux-x86_64-fedora-clang 1.7 198.47 NOTE
r-devel-linux-x86_64-fedora-gcc 1.7 186.29 NOTE
r-devel-windows-x86_64 1.7 16.00 135.00 151.00 NOTE
r-devel-windows-x86_64-gcc10-UCRT 1.7 NOTE
r-patched-linux-x86_64 1.7 17.63 137.71 155.34 NOTE
r-patched-solaris-x86 1.7 232.90 NOTE
r-release-linux-x86_64 1.7 15.77 140.37 156.14 NOTE
r-release-macos-arm64 1.7 ERROR
r-release-macos-x86_64 1.7 NOTE
r-release-windows-ix86+x86_64 1.7 36.00 105.00 141.00 NOTE
r-oldrel-macos-x86_64 1.7 OK
r-oldrel-windows-ix86+x86_64 1.7 26.00 151.00 177.00 OK

Check Details

Version: 1.7
Check: LazyData
Result: NOTE
     'LazyData' is specified without a 'data' directory
Flavors: r-devel-linux-x86_64-debian-clang, r-devel-linux-x86_64-debian-gcc, r-devel-linux-x86_64-fedora-clang, r-devel-linux-x86_64-fedora-gcc, r-devel-windows-x86_64, r-devel-windows-x86_64-gcc10-UCRT, r-patched-linux-x86_64, r-patched-solaris-x86, r-release-linux-x86_64, r-release-macos-x86_64, r-release-windows-ix86+x86_64

Version: 1.7
Check: whether package can be installed
Result: ERROR
    Installation failed.
Flavor: r-release-macos-arm64